CRAN Package Check Results for Package scriptuRs

Last updated on 2025-11-26 10:49:57 CET.

Flavor Version Tinstall Tcheck Ttotal Status Flags
r-devel-linux-x86_64-debian-clang 0.1.0 3.90 26.13 30.03 NOTE
r-devel-linux-x86_64-debian-gcc 0.1.0 2.98 21.40 24.38 NOTE
r-devel-linux-x86_64-fedora-clang 0.1.0 43.04 OK
r-devel-linux-x86_64-fedora-gcc 0.1.0 40.35 OK
r-devel-windows-x86_64 0.1.0 6.00 43.00 49.00 OK
r-patched-linux-x86_64 0.1.0 4.22 23.82 28.04 OK
r-release-linux-x86_64 0.1.0 3.64 23.39 27.03 OK
r-release-macos-arm64 0.1.0 OK
r-release-macos-x86_64 0.1.0 4.00 24.00 28.00 OK
r-release-windows-x86_64 0.1.0 5.00 82.00 87.00 OK
r-oldrel-macos-arm64 0.1.0 OK
r-oldrel-macos-x86_64 0.1.0 4.00 23.00 27.00 OK
r-oldrel-windows-x86_64 0.1.0 5.00 51.00 56.00 OK

Check Details

Version: 0.1.0
Check: CRAN incoming feasibility
Result: NOTE Maintainer: ‘Andrew Heiss <andrew@andrewheiss.com>’ Found the following (possibly) invalid file URI: URI: CONDUCT.md From: README.md Flavors: r-devel-linux-x86_64-debian-clang, r-devel-linux-x86_64-debian-gcc