CRAN Package Check Results for Package scientoText

Last updated on 2025-11-25 11:52:04 CET.

Flavor Version Tinstall Tcheck Ttotal Status Flags
r-devel-linux-x86_64-debian-clang 0.1 3.70 33.22 36.92 NOTE
r-devel-linux-x86_64-debian-gcc 0.1 2.86 25.42 28.28 NOTE
r-devel-linux-x86_64-fedora-clang 0.1 56.63 OK
r-devel-linux-x86_64-fedora-gcc 0.1 53.89 OK
r-devel-windows-x86_64 0.1 6.00 49.00 55.00 OK
r-patched-linux-x86_64 0.1 3.51 31.59 35.10 OK
r-release-linux-x86_64 0.1 3.29 31.15 34.44 OK
r-release-macos-arm64 0.1 OK
r-release-macos-x86_64 0.1 4.00 35.00 39.00 OK
r-release-windows-x86_64 0.1 6.00 61.00 67.00 OK
r-oldrel-macos-arm64 0.1 NOTE
r-oldrel-macos-x86_64 0.1 3.00 27.00 30.00 NOTE
r-oldrel-windows-x86_64 0.1 8.00 56.00 64.00 NOTE

Check Details

Version: 0.1
Check: CRAN incoming feasibility
Result: NOTE Maintainer: ‘Ashraf Uddin <mdaakib18@gmail.com>’ No Authors@R field in DESCRIPTION. Please add one, modifying Authors@R: person(given = "Ashraf", family = "Uddin", role = c("aut", "cre"), email = "mdaakib18@gmail.com") as necessary. Flavors: r-devel-linux-x86_64-debian-clang, r-devel-linux-x86_64-debian-gcc

Version: 0.1
Check: LazyData
Result: NOTE 'LazyData' is specified without a 'data' directory Flavors: r-oldrel-macos-arm64, r-oldrel-macos-x86_64, r-oldrel-windows-x86_64