Last updated on 2025-11-02 11:50:35 CET.
| Flavor | Version | Tinstall | Tcheck | Ttotal | Status | Flags |
|---|---|---|---|---|---|---|
| r-devel-linux-x86_64-debian-clang | 0.7.3 | 7.44 | 142.89 | 150.33 | NOTE | |
| r-devel-linux-x86_64-debian-gcc | 0.7.3 | 5.03 | 94.65 | 99.68 | NOTE | |
| r-devel-linux-x86_64-fedora-clang | 0.7.3 | 16.00 | 214.58 | 230.58 | OK | |
| r-devel-linux-x86_64-fedora-gcc | 0.7.3 | 19.00 | 217.24 | 236.24 | OK | |
| r-devel-windows-x86_64 | 0.7.3 | 9.00 | 144.00 | 153.00 | OK | |
| r-patched-linux-x86_64 | 0.7.3 | 7.94 | 134.15 | 142.09 | NOTE | |
| r-release-linux-x86_64 | 0.7.3 | 6.98 | 134.84 | 141.82 | NOTE | |
| r-release-macos-arm64 | 0.7.3 | 3.00 | 58.00 | 61.00 | OK | |
| r-release-macos-x86_64 | 0.7.3 | 10.00 | 127.00 | 137.00 | OK | |
| r-release-windows-x86_64 | 0.7.3 | 9.00 | 143.00 | 152.00 | OK | |
| r-oldrel-macos-arm64 | 0.7.3 | 4.00 | 62.00 | 66.00 | OK | |
| r-oldrel-macos-x86_64 | 0.7.3 | 6.00 | 92.00 | 98.00 | OK | |
| r-oldrel-windows-x86_64 | 0.7.3 | 14.00 | 194.00 | 208.00 | OK |
Version: 0.7.3
Check: for unstated dependencies in ‘demo’
Result: NOTE
'library' or 'require' calls not declared from:
‘doSNOW’ ‘foreach’ ‘iterators’ ‘reshape’ ‘rlecuyer’ ‘snow’
Flavors: r-devel-linux-x86_64-debian-clang, r-devel-linux-x86_64-debian-gcc, r-patched-linux-x86_64, r-release-linux-x86_64