Last updated on 2025-11-20 11:51:24 CET.
| Flavor | Version | Tinstall | Tcheck | Ttotal | Status | Flags |
|---|---|---|---|---|---|---|
| r-devel-linux-x86_64-debian-clang | 0.1.3.4 | 3.57 | 564.93 | 568.50 | OK | |
| r-devel-linux-x86_64-debian-gcc | 0.1.3.4 | 2.89 | 292.94 | 295.83 | OK | |
| r-devel-linux-x86_64-fedora-clang | 0.1.3.4 | 27.00 | 1000.08 | 1027.08 | OK | |
| r-devel-linux-x86_64-fedora-gcc | 0.1.3.4 | 23.00 | ERROR | |||
| r-devel-windows-x86_64 | 0.1.3.4 | 7.00 | 439.00 | 446.00 | OK | |
| r-patched-linux-x86_64 | 0.1.3.4 | 4.03 | 524.20 | 528.23 | OK | |
| r-release-linux-x86_64 | 0.1.3.4 | 4.03 | 528.90 | 532.93 | OK | |
| r-release-macos-arm64 | 0.1.3.4 | OK | ||||
| r-release-macos-x86_64 | 0.1.3.4 | 3.00 | 409.00 | 412.00 | OK | |
| r-release-windows-x86_64 | 0.1.3.4 | 7.00 | 424.00 | 431.00 | OK | |
| r-oldrel-macos-arm64 | 0.1.3.4 | OK | ||||
| r-oldrel-macos-x86_64 | 0.1.3.4 | 3.00 | 242.00 | 245.00 | OK | |
| r-oldrel-windows-x86_64 | 0.1.3.4 | 8.00 | 662.00 | 670.00 | OK |
Version: 0.1.3.4
Check: re-building of vignette outputs
Result: ERROR
Error(s) in re-building vignettes:
Warning: elapsed-time limit of 1 hours reached for sub-process
--- re-building ‘a01_Introduction.Rmd’ using rmarkdown
Quitting from a01_Introduction.Rmd:161-168 [unnamed-chunk-14]
Execution halted
--- re-building ‘a02_Using_with_spatialTIME.Rmd’ using rmarkdown
[WARNING] Deprecated: --highlight-style. Use --syntax-highlighting instead.
--- finished re-building ‘a02_Using_with_spatialTIME.Rmd’
SUMMARY: processing the following file failed:
‘a01_Introduction.Rmd’
Error: Vignette re-building failed.
Execution halted
Flavor: r-devel-linux-x86_64-fedora-gcc