Last updated on 2025-10-30 09:50:01 CET.
| Flavor | Version | Tinstall | Tcheck | Ttotal | Status | Flags | 
|---|---|---|---|---|---|---|
| r-devel-linux-x86_64-debian-clang | 3.2.2 | 10.18 | 205.26 | 215.44 | NOTE | |
| r-devel-linux-x86_64-debian-gcc | 3.2.2 | 7.86 | 143.20 | 151.06 | NOTE | |
| r-devel-linux-x86_64-fedora-clang | 3.2.2 | 22.00 | 325.15 | 347.15 | OK | |
| r-devel-linux-x86_64-fedora-gcc | 3.2.2 | 27.00 | 350.05 | 377.05 | OK | |
| r-devel-windows-x86_64 | 3.2.2 | 13.00 | 223.00 | 236.00 | OK | |
| r-patched-linux-x86_64 | 3.2.2 | 10.25 | 201.93 | 212.18 | OK | |
| r-release-linux-x86_64 | 3.2.2 | 9.99 | 197.38 | 207.37 | OK | |
| r-release-macos-arm64 | 3.2.2 | 6.00 | 109.00 | 115.00 | OK | |
| r-release-macos-x86_64 | 3.2.2 | 10.00 | 224.00 | 234.00 | OK | |
| r-release-windows-x86_64 | 3.2.2 | 13.00 | 222.00 | 235.00 | OK | |
| r-oldrel-macos-arm64 | 3.2.2 | 4.00 | 98.00 | 102.00 | OK | |
| r-oldrel-macos-x86_64 | 3.2.2 | 7.00 | 159.00 | 166.00 | OK | |
| r-oldrel-windows-x86_64 | 3.2.2 | 17.00 | 270.00 | 287.00 | OK | 
Version: 3.2.2
Check: CRAN incoming feasibility
Result: NOTE
  Maintainer: ‘Xin Shao<xin_shao@zju.edu.cn>’
  
  No Authors@R field in DESCRIPTION.
  Please add one, modifying
    Authors@R: person(given = "Xin",
                      family = "Shao",
                      role = c("aut", "cre"),
                      email = "xin_shao@zju.edu.cn")
  as necessary.
Flavors: r-devel-linux-x86_64-debian-clang, r-devel-linux-x86_64-debian-gcc