Last updated on 2024-05-09 10:50:04 CEST.
Flavor | Version | Tinstall | Tcheck | Ttotal | Status | Flags |
---|---|---|---|---|---|---|
r-devel-linux-x86_64-debian-clang | 2.0.12 | 110.59 | 74.72 | 185.31 | OK | |
r-devel-linux-x86_64-debian-gcc | 2.0.12 | 75.06 | 56.07 | 131.13 | OK | |
r-devel-linux-x86_64-fedora-clang | 2.0.12 | 228.55 | OK | |||
r-devel-linux-x86_64-fedora-gcc | 2.0.12 | 299.58 | OK | |||
r-devel-windows-x86_64 | 2.0.12 | 85.00 | 100.00 | 185.00 | OK | |
r-patched-linux-x86_64 | 2.0.12 | 106.32 | 70.55 | 176.87 | OK | |
r-release-linux-x86_64 | 2.0.12 | 97.33 | 69.32 | 166.65 | OK | |
r-release-macos-arm64 | 2.0.12 | 54.00 | NOTE | |||
r-release-macos-x86_64 | 2.0.12 | 131.00 | NOTE | |||
r-release-windows-x86_64 | 2.0.12 | 84.00 | 99.00 | 183.00 | OK | |
r-oldrel-macos-arm64 | 2.0.12 | 64.00 | NOTE | |||
r-oldrel-macos-x86_64 | 2.0.12 | 102.00 | NOTE | |||
r-oldrel-windows-x86_64 | 2.0.12 | 102.00 | 119.00 | 221.00 | OK |
Version: 2.0.12
Check: installed package size
Result: NOTE
installed size is 6.9Mb
sub-directories of 1Mb or more:
libs 6.7Mb
Flavors: r-release-macos-arm64, r-release-macos-x86_64, r-oldrel-macos-arm64, r-oldrel-macos-x86_64