Last updated on 2025-10-31 09:50:29 CET.
| Flavor | Version | Tinstall | Tcheck | Ttotal | Status | Flags | 
|---|---|---|---|---|---|---|
| r-devel-linux-x86_64-debian-clang | 4.0 | 3.22 | 24.57 | 27.79 | NOTE | |
| r-devel-linux-x86_64-debian-gcc | 4.0 | 2.22 | 19.49 | 21.71 | NOTE | |
| r-devel-linux-x86_64-fedora-clang | 4.0 | 41.04 | OK | |||
| r-devel-linux-x86_64-fedora-gcc | 4.0 | 39.21 | OK | |||
| r-devel-windows-x86_64 | 4.0 | 3.00 | 44.00 | 47.00 | OK | |
| r-patched-linux-x86_64 | 4.0 | 3.16 | 23.55 | 26.71 | OK | |
| r-release-linux-x86_64 | 4.0 | 2.96 | 23.48 | 26.44 | OK | |
| r-release-macos-arm64 | 4.0 | 2.00 | 15.00 | 17.00 | OK | |
| r-release-macos-x86_64 | 4.0 | 2.00 | 25.00 | 27.00 | OK | |
| r-release-windows-x86_64 | 4.0 | 4.00 | 44.00 | 48.00 | OK | |
| r-oldrel-macos-arm64 | 4.0 | 2.00 | 15.00 | 17.00 | OK | |
| r-oldrel-macos-x86_64 | 4.0 | 3.00 | 21.00 | 24.00 | OK | |
| r-oldrel-windows-x86_64 | 4.0 | 4.00 | 44.00 | 48.00 | OK | 
Version: 4.0
Check: CRAN incoming feasibility
Result: NOTE
  Maintainer: ‘Wei Guo <wei.guo3@nih.gov>’
  
  No Authors@R field in DESCRIPTION.
  Please add one, modifying
    Authors@R: person(given = "Wei",
                      family = "Guo",
                      role = c("aut", "cre"),
                      email = "wei.guo3@nih.gov")
  as necessary.
Flavors: r-devel-linux-x86_64-debian-clang, r-devel-linux-x86_64-debian-gcc