Last updated on 2025-11-25 11:52:03 CET.
| Flavor | Version | Tinstall | Tcheck | Ttotal | Status | Flags |
|---|---|---|---|---|---|---|
| r-devel-linux-x86_64-debian-clang | 1.0.2 | 136.37 | 117.72 | 254.09 | OK | |
| r-devel-linux-x86_64-debian-gcc | 1.0.2 | 103.31 | 80.91 | 184.22 | OK | |
| r-devel-linux-x86_64-fedora-clang | 1.0.2 | 87.00 | 354.88 | 441.88 | OK | |
| r-devel-linux-x86_64-fedora-gcc | 1.0.2 | 216.00 | 251.18 | 467.18 | OK | |
| r-release-linux-x86_64 | 1.0.0 | 146.16 | 110.62 | 256.78 | OK | |
| r-release-macos-arm64 | 1.0.2 | 11.00 | 28.00 | 39.00 | OK | |
| r-release-macos-x86_64 | 1.0.2 | 128.00 | 196.00 | 324.00 | OK | |
| r-oldrel-macos-arm64 | 1.0.2 | 11.00 | 42.00 | 53.00 | NOTE | |
| r-oldrel-macos-x86_64 | 1.0.2 | 114.00 | 185.00 | 299.00 | NOTE | |
| r-oldrel-windows-x86_64 | 1.0.2 | 139.00 | 191.00 | 330.00 | OK |
Version: 1.0.2
Check: installed package size
Result: NOTE
installed size is 19.2Mb
sub-directories of 1Mb or more:
libs 18.8Mb
Flavors: r-oldrel-macos-arm64, r-oldrel-macos-x86_64