CRAN Package Check Results for Package rules

Last updated on 2025-10-22 09:50:51 CEST.

Flavor Version Tinstall Tcheck Ttotal Status Flags
r-devel-linux-x86_64-debian-clang 1.0.2 8.51 86.17 94.68 NOTE
r-devel-linux-x86_64-debian-gcc 1.0.2 5.54 61.16 66.70 NOTE
r-devel-linux-x86_64-fedora-clang 1.0.2 20.00 123.10 143.10 OK
r-devel-linux-x86_64-fedora-gcc 1.0.2 18.00 114.43 132.43 OK
r-devel-windows-x86_64 1.0.2 9.00 91.00 100.00 OK
r-patched-linux-x86_64 1.0.2 9.03 80.07 89.10 OK
r-release-linux-x86_64 1.0.2 8.24 77.60 85.84 OK
r-release-macos-arm64 1.0.2 3.00 31.00 34.00 OK
r-release-macos-x86_64 1.0.2 6.00 66.00 72.00 OK
r-release-windows-x86_64 1.0.2 10.00 92.00 102.00 OK
r-oldrel-macos-arm64 1.0.2 2.00 28.00 30.00 OK
r-oldrel-macos-x86_64 1.0.2 6.00 49.00 55.00 OK
r-oldrel-windows-x86_64 1.0.2 13.00 111.00 124.00 OK

Check Details

Version: 1.0.2
Check: HTML version of manual
Result: NOTE Found the following HTML validation problems: multi_predict.html:72:1 (multi_predict.Rd:25): Warning: missing </ul> before </div> tidy.cubist.html:322:1 (tidy.cubist.Rd:293): Warning: missing </ul> before </div> Flavors: r-devel-linux-x86_64-debian-clang, r-devel-linux-x86_64-debian-gcc