Last updated on 2025-10-31 09:50:29 CET.
| Flavor | Version | Tinstall | Tcheck | Ttotal | Status | Flags | 
|---|---|---|---|---|---|---|
| r-devel-linux-x86_64-debian-clang | 1.0.0 | 3.93 | 40.19 | 44.12 | NOTE | |
| r-devel-linux-x86_64-debian-gcc | 1.0.0 | 2.83 | 30.04 | 32.87 | NOTE | |
| r-devel-linux-x86_64-fedora-clang | 1.0.0 | 65.90 | NOTE | |||
| r-devel-linux-x86_64-fedora-gcc | 1.0.0 | 74.34 | NOTE | |||
| r-devel-windows-x86_64 | 1.0.0 | 6.00 | 55.00 | 61.00 | NOTE | |
| r-patched-linux-x86_64 | 1.0.0 | 3.44 | 36.09 | 39.53 | NOTE | |
| r-release-linux-x86_64 | 1.0.0 | 3.34 | 35.59 | 38.93 | NOTE | |
| r-release-macos-arm64 | 1.0.0 | 2.00 | 26.00 | 28.00 | NOTE | |
| r-release-macos-x86_64 | 1.0.0 | 3.00 | 42.00 | 45.00 | NOTE | |
| r-release-windows-x86_64 | 1.0.0 | 6.00 | 56.00 | 62.00 | NOTE | |
| r-oldrel-macos-arm64 | 1.0.0 | 2.00 | 28.00 | 30.00 | NOTE | |
| r-oldrel-macos-x86_64 | 1.0.0 | 3.00 | 38.00 | 41.00 | NOTE | |
| r-oldrel-windows-x86_64 | 1.0.0 | 7.00 | 66.00 | 73.00 | NOTE | 
Version: 1.0.0
Check: CRAN incoming feasibility
Result: NOTE
  Maintainer: ‘Miguel Conde <miguelco2000@gmail.com>’
  
  No Authors@R field in DESCRIPTION.
  Please add one, modifying
    Authors@R: person(given = "Miguel",
                      family = "Conde",
                      role = c("aut", "cre"),
                      email = "miguelco2000@gmail.com")
  as necessary.
Flavors: r-devel-linux-x86_64-debian-clang, r-devel-linux-x86_64-debian-gcc
Version: 1.0.0
Check: Rd files
Result: NOTE
  checkRd: (-1) check_node.Rd:11: Lost braces
      11 | \item{x}{\\code{list}, the node to check}
         |                ^
Flavors: r-devel-linux-x86_64-debian-clang, r-devel-linux-x86_64-debian-gcc, r-devel-linux-x86_64-fedora-clang, r-devel-linux-x86_64-fedora-gcc, r-devel-windows-x86_64, r-patched-linux-x86_64, r-release-linux-x86_64, r-release-macos-arm64, r-release-macos-x86_64, r-release-windows-x86_64, r-oldrel-macos-arm64, r-oldrel-macos-x86_64, r-oldrel-windows-x86_64