Last updated on 2025-10-31 09:50:28 CET.
| Flavor | Version | Tinstall | Tcheck | Ttotal | Status | Flags | 
|---|---|---|---|---|---|---|
| r-devel-linux-x86_64-debian-clang | 1.6 | 14.95 | 149.92 | 164.87 | NOTE | |
| r-devel-linux-x86_64-debian-gcc | 1.6 | 12.62 | 101.37 | 113.99 | NOTE | |
| r-devel-linux-x86_64-fedora-clang | 1.6 | 35.00 | 219.79 | 254.79 | OK | |
| r-devel-linux-x86_64-fedora-gcc | 1.6 | 68.00 | 180.58 | 248.58 | OK | |
| r-devel-windows-x86_64 | 1.6 | 16.00 | 134.00 | 150.00 | OK | |
| r-patched-linux-x86_64 | 1.6 | 14.10 | 136.88 | 150.98 | OK | |
| r-release-linux-x86_64 | 1.6 | 13.32 | 137.96 | 151.28 | OK | |
| r-release-macos-arm64 | 1.6 | 6.00 | 51.00 | 57.00 | OK | |
| r-release-macos-x86_64 | 1.6 | 10.00 | 103.00 | 113.00 | OK | |
| r-release-windows-x86_64 | 1.6 | 18.00 | 134.00 | 152.00 | OK | |
| r-oldrel-macos-arm64 | 1.6 | 6.00 | 49.00 | 55.00 | OK | |
| r-oldrel-macos-x86_64 | 1.6 | 9.00 | 74.00 | 83.00 | OK | |
| r-oldrel-windows-x86_64 | 1.6 | 23.00 | 181.00 | 204.00 | OK | 
Version: 1.6
Check: CRAN incoming feasibility
Result: NOTE
  Maintainer: ‘Marshall Brown <mdbrown@fredhutch.org>’
  
  No Authors@R field in DESCRIPTION.
  Please add one, modifying
    Authors@R: person(given = "Marshall",
                      family = "Brown",
                      role = c("aut", "cre"),
                      email = "mdbrown@fredhutch.org")
  as necessary.
Flavors: r-devel-linux-x86_64-debian-clang, r-devel-linux-x86_64-debian-gcc