Last updated on 2025-10-30 09:50:00 CET.
| Flavor | Version | Tinstall | Tcheck | Ttotal | Status | Flags | 
|---|---|---|---|---|---|---|
| r-devel-linux-x86_64-debian-clang | 0.0.1 | 20.20 | 91.63 | 111.83 | NOTE | |
| r-devel-linux-x86_64-debian-gcc | 0.0.1 | 12.48 | 69.35 | 81.83 | NOTE | |
| r-devel-linux-x86_64-fedora-clang | 0.0.1 | 42.00 | 130.44 | 172.44 | NOTE | |
| r-devel-linux-x86_64-fedora-gcc | 0.0.1 | 67.00 | 104.29 | 171.29 | NOTE | |
| r-devel-windows-x86_64 | 0.0.1 | 20.00 | 156.00 | 176.00 | NOTE | |
| r-patched-linux-x86_64 | 0.0.1 | 22.68 | 86.97 | 109.65 | NOTE | |
| r-release-linux-x86_64 | 0.0.1 | 20.69 | 87.28 | 107.97 | NOTE | |
| r-release-macos-arm64 | 0.0.1 | 8.00 | 41.00 | 49.00 | NOTE | |
| r-release-macos-x86_64 | 0.0.1 | 18.00 | 77.00 | 95.00 | NOTE | |
| r-release-windows-x86_64 | 0.0.1 | 23.00 | 151.00 | 174.00 | NOTE | |
| r-oldrel-macos-arm64 | 0.0.1 | 7.00 | 36.00 | 43.00 | NOTE | |
| r-oldrel-macos-x86_64 | 0.0.1 | 13.00 | 55.00 | 68.00 | NOTE | |
| r-oldrel-windows-x86_64 | 0.0.1 | 27.00 | 148.00 | 175.00 | NOTE | 
Version: 0.0.1
Check: CRAN incoming feasibility
Result: NOTE
  Maintainer: ‘Aymeric Stamm <aymeric.stamm@math.cnrs.fr>’
  
  The Description field contains
    Miolane et al. (2020) <arXiv:2004.04667>.
  Please refer to arXiv e-prints via their arXiv DOI <doi:10.48550/arXiv.YYMM.NNNNN>.
Flavors: r-devel-linux-x86_64-debian-clang, r-devel-linux-x86_64-debian-gcc
Version: 0.0.1
Check: DESCRIPTION meta-information
Result: NOTE
    Missing dependency on R >= 4.1.0 because package code uses the pipe
    |> or function shorthand \(...) syntax added in R 4.1.0.
    File(s) using such syntax:
      ‘connection.R’ ‘level-set.R’ ‘lie-group.R’ ‘manifold.R’ ‘open-set.R’
      ‘spd-matrices.R’ ‘utils.R’
Flavors: r-devel-linux-x86_64-debian-clang, r-devel-linux-x86_64-debian-gcc, r-devel-linux-x86_64-fedora-clang, r-devel-linux-x86_64-fedora-gcc, r-devel-windows-x86_64, r-patched-linux-x86_64, r-release-linux-x86_64, r-release-macos-arm64, r-release-macos-x86_64, r-release-windows-x86_64
Version: 0.0.1
Check: Rd files
Result: NOTE
  checkRd: (-1) RiemannianMetric.Rd:450-453: Lost braces
     450 | if (reticulate::py_module_available("geomstats")) {
         |                                                   ^
  checkRd: (-1) RiemannianMetric.Rd:484-487: Lost braces
     484 | if (reticulate::py_module_available("geomstats")) {
         |                                                   ^
  checkRd: (-1) RiemannianMetric.Rd:588-591: Lost braces
     588 | if (reticulate::py_module_available("geomstats")) {
         |                                                   ^
Flavors: r-devel-linux-x86_64-debian-clang, r-devel-linux-x86_64-debian-gcc, r-devel-linux-x86_64-fedora-clang, r-devel-linux-x86_64-fedora-gcc, r-devel-windows-x86_64, r-patched-linux-x86_64, r-release-linux-x86_64, r-release-macos-arm64, r-release-macos-x86_64, r-release-windows-x86_64, r-oldrel-macos-arm64, r-oldrel-macos-x86_64, r-oldrel-windows-x86_64