Last updated on 2024-05-09 10:50:02 CEST.
Flavor | Version | Tinstall | Tcheck | Ttotal | Status | Flags |
---|---|---|---|---|---|---|
r-devel-linux-x86_64-debian-clang | 1.2.3 | 4.50 | 45.51 | 50.01 | NOTE | |
r-devel-linux-x86_64-debian-gcc | 1.2.3 | 2.88 | 34.48 | 37.36 | NOTE | |
r-devel-linux-x86_64-fedora-clang | 1.2.3 | 62.77 | NOTE | |||
r-devel-linux-x86_64-fedora-gcc | 1.2.3 | 108.22 | NOTE | |||
r-devel-windows-x86_64 | 1.2.3 | 5.00 | 59.00 | 64.00 | NOTE | --no-vignettes |
r-patched-linux-x86_64 | 1.2.3 | 8.08 | 43.64 | 51.72 | NOTE | |
r-release-linux-x86_64 | 1.2.3 | 2.82 | 43.61 | 46.43 | NOTE | |
r-release-macos-arm64 | 1.2.3 | 26.00 | NOTE | |||
r-release-windows-x86_64 | 1.2.3 | 4.00 | 61.00 | 65.00 | NOTE | --no-vignettes |
r-oldrel-macos-arm64 | 1.2.3 | 27.00 | OK | |||
r-oldrel-macos-x86_64 | 1.2.3 | 41.00 | OK | |||
r-oldrel-windows-x86_64 | 1.2.3 | 6.00 | 60.00 | 66.00 | OK | --no-vignettes |
Version: 1.2.3
Check: Rd files
Result: NOTE
checkRd: (-1) rentrez.Rd:17-21: Lost braces
17 | /enumerated{
| ^
Flavors: r-devel-linux-x86_64-debian-clang, r-devel-linux-x86_64-debian-gcc, r-devel-linux-x86_64-fedora-clang, r-devel-linux-x86_64-fedora-gcc, r-patched-linux-x86_64, r-release-linux-x86_64, r-release-macos-arm64
Version: 1.2.3
Flags: --no-vignettes
Check: Rd files
Result: NOTE
checkRd: (-1) rentrez.Rd:17-21: Lost braces
17 | /enumerated{
| ^
Flavors: r-devel-windows-x86_64, r-release-windows-x86_64