Last updated on 2025-10-30 09:49:59 CET.
| Flavor | Version | Tinstall | Tcheck | Ttotal | Status | Flags | 
|---|---|---|---|---|---|---|
| r-devel-linux-x86_64-debian-clang | 0.2-0 | 6.49 | 61.35 | 67.84 | NOTE | |
| r-devel-linux-x86_64-debian-gcc | 0.2-0 | 4.45 | 47.48 | 51.93 | NOTE | |
| r-devel-linux-x86_64-fedora-clang | 0.2-0 | 14.00 | 85.52 | 99.52 | OK | |
| r-devel-linux-x86_64-fedora-gcc | 0.2-0 | 13.00 | 80.86 | 93.86 | OK | |
| r-devel-windows-x86_64 | 0.2-0 | 8.00 | 70.00 | 78.00 | OK | |
| r-patched-linux-x86_64 | 0.2-0 | 6.98 | 59.65 | 66.63 | OK | |
| r-release-linux-x86_64 | 0.2-0 | 6.64 | 59.19 | 65.83 | OK | |
| r-release-macos-arm64 | 0.2-0 | 3.00 | 30.00 | 33.00 | OK | |
| r-release-macos-x86_64 | 0.2-0 | 5.00 | 53.00 | 58.00 | OK | |
| r-release-windows-x86_64 | 0.2-0 | 8.00 | 72.00 | 80.00 | OK | |
| r-oldrel-macos-arm64 | 0.2-0 | 3.00 | 31.00 | 34.00 | NOTE | |
| r-oldrel-macos-x86_64 | 0.2-0 | 5.00 | 43.00 | 48.00 | NOTE | |
| r-oldrel-windows-x86_64 | 0.2-0 | 10.00 | 86.00 | 96.00 | NOTE | 
Version: 0.2-0
Check: CRAN incoming feasibility
Result: NOTE
  Maintainer: ‘Michael Hahsler <mhahsler@smu.edu>’
  
  No Authors@R field in DESCRIPTION.
  Please add one, modifying
    Authors@R: person(given = "Michael",
                      family = "Hahsler",
                      role = c("aut", "cre"),
                      email = "mhahsler@smu.edu")
  as necessary.
Flavors: r-devel-linux-x86_64-debian-clang, r-devel-linux-x86_64-debian-gcc
Version: 0.2-0
Check: installed package size
Result: NOTE
    installed size is  9.1Mb
    sub-directories of 1Mb or more:
      data   9.0Mb
Flavors: r-oldrel-macos-arm64, r-oldrel-macos-x86_64, r-oldrel-windows-x86_64