Last updated on 2025-10-31 09:50:27 CET.
| Flavor | Version | Tinstall | Tcheck | Ttotal | Status | Flags | 
|---|---|---|---|---|---|---|
| r-devel-linux-x86_64-debian-clang | 0.1.14 | 5.51 | 47.40 | 52.91 | NOTE | |
| r-devel-linux-x86_64-debian-gcc | 0.1.14 | 4.04 | 34.50 | 38.54 | NOTE | |
| r-devel-linux-x86_64-fedora-clang | 0.1.14 | 12.00 | 64.68 | 76.68 | OK | |
| r-devel-linux-x86_64-fedora-gcc | 0.1.14 | 11.00 | 59.05 | 70.05 | OK | |
| r-devel-windows-x86_64 | 0.1.14 | 7.00 | 61.00 | 68.00 | OK | |
| r-patched-linux-x86_64 | 0.1.14 | 4.74 | 42.17 | 46.91 | OK | |
| r-release-linux-x86_64 | 0.1.14 | 5.01 | 41.77 | 46.78 | OK | |
| r-release-macos-arm64 | 0.1.14 | 3.00 | 25.00 | 28.00 | OK | |
| r-release-macos-x86_64 | 0.1.14 | 7.00 | 62.00 | 69.00 | OK | |
| r-release-windows-x86_64 | 0.1.14 | 7.00 | 63.00 | 70.00 | OK | |
| r-oldrel-macos-arm64 | 0.1.14 | 2.00 | 23.00 | 25.00 | OK | |
| r-oldrel-macos-x86_64 | 0.1.14 | 5.00 | 33.00 | 38.00 | OK | |
| r-oldrel-windows-x86_64 | 0.1.14 | 10.00 | 75.00 | 85.00 | OK | 
Version: 0.1.14
Check: CRAN incoming feasibility
Result: NOTE
  Maintainer: ‘Wilson Freitas <wilson.freitas@gmail.com>’
  
  No Authors@R field in DESCRIPTION.
  Please add one, modifying
    Authors@R: person(given = "Wilson",
                      family = "Freitas",
                      role = c("aut", "cre"),
                      email = "wilson.freitas@gmail.com")
  as necessary.
Flavors: r-devel-linux-x86_64-debian-clang, r-devel-linux-x86_64-debian-gcc