CRAN Package Check Results for Package raymolecule

Last updated on 2025-10-22 09:50:48 CEST.

Flavor Version Tinstall Tcheck Ttotal Status Flags
r-devel-linux-x86_64-debian-clang 0.5.3 5.87 39.33 45.20 NOTE
r-devel-linux-x86_64-debian-gcc 0.5.3 3.94 28.67 32.61 NOTE
r-devel-linux-x86_64-fedora-clang 0.5.3 14.00 54.93 68.93 NOTE
r-devel-linux-x86_64-fedora-gcc 0.5.3 12.00 51.14 63.14 NOTE
r-devel-windows-x86_64 0.5.3 7.00 53.00 60.00 NOTE
r-patched-linux-x86_64 0.5.3 5.74 36.78 42.52 NOTE
r-release-linux-x86_64 0.5.3 5.07 36.77 41.84 NOTE
r-release-macos-arm64 0.5.3 3.00 21.00 24.00 NOTE
r-release-macos-x86_64 0.5.3 5.00 35.00 40.00 NOTE
r-release-windows-x86_64 0.5.3 7.00 56.00 63.00 NOTE
r-oldrel-macos-arm64 0.5.3 3.00 21.00 24.00 OK
r-oldrel-macos-x86_64 0.5.3 4.00 30.00 34.00 OK
r-oldrel-windows-x86_64 0.5.3 9.00 64.00 73.00 OK

Check Details

Version: 0.5.3
Check: DESCRIPTION meta-information
Result: NOTE Missing dependency on R >= 4.1.0 because package code uses the pipe |> or function shorthand \(...) syntax added in R 4.1.0. File(s) using such syntax: ‘render_model.R’ Flavors: r-devel-linux-x86_64-debian-clang, r-devel-linux-x86_64-debian-gcc, r-devel-linux-x86_64-fedora-clang, r-devel-linux-x86_64-fedora-gcc, r-devel-windows-x86_64, r-patched-linux-x86_64, r-release-linux-x86_64, r-release-macos-arm64, r-release-macos-x86_64, r-release-windows-x86_64

Version: 0.5.3
Check: HTML version of manual
Result: NOTE Found the following HTML validation problems: cross.html:50:1 (cross.Rd:12): Warning: missing </ul> before </div> unit_vector.html:46:1 (unit_vector.Rd:10): Warning: missing </ul> before </div> Flavors: r-devel-linux-x86_64-debian-clang, r-devel-linux-x86_64-debian-gcc