Last updated on 2024-05-09 10:50:01 CEST.
Flavor | Version | Tinstall | Tcheck | Ttotal | Status | Flags |
---|---|---|---|---|---|---|
r-devel-linux-x86_64-debian-clang | 1.1 | 1.92 | 25.04 | 26.96 | OK | |
r-devel-linux-x86_64-debian-gcc | 1.1 | 1.64 | 19.86 | 21.50 | OK | |
r-devel-linux-x86_64-fedora-clang | 1.1 | 35.31 | NOTE | |||
r-devel-linux-x86_64-fedora-gcc | 1.1 | 49.33 | OK | |||
r-devel-windows-x86_64 | 1.1 | 3.00 | 50.00 | 53.00 | OK | |
r-patched-linux-x86_64 | 1.1 | 1.80 | 23.97 | 25.77 | OK | |
r-release-linux-x86_64 | 1.1 | 1.99 | 24.60 | 26.59 | OK | |
r-release-macos-arm64 | 1.1 | 19.00 | OK | |||
r-release-windows-x86_64 | 1.1 | 3.00 | 49.00 | 52.00 | OK | |
r-oldrel-macos-arm64 | 1.1 | 19.00 | OK | |||
r-oldrel-macos-x86_64 | 1.1 | 29.00 | OK | |||
r-oldrel-windows-x86_64 | 1.1 | 4.00 | 46.00 | 50.00 | OK |
Version: 1.1
Check: Rd cross-references
Result: NOTE
Undeclared package ‘exactci’ in Rd xrefs
Flavor: r-devel-linux-x86_64-fedora-clang