Last updated on 2025-11-20 11:51:21 CET.
| Flavor | Version | Tinstall | Tcheck | Ttotal | Status | Flags |
|---|---|---|---|---|---|---|
| r-devel-linux-x86_64-debian-clang | 0.3.3 | 2.62 | 23.14 | 25.76 | NOTE | |
| r-devel-linux-x86_64-debian-gcc | 0.3.3 | 1.89 | 18.82 | 20.71 | NOTE | |
| r-devel-linux-x86_64-fedora-clang | 0.3.3 | 37.04 | NOTE | |||
| r-devel-linux-x86_64-fedora-gcc | 0.3.3 | 34.09 | NOTE | |||
| r-devel-windows-x86_64 | 0.3.3 | 15.00 | 42.00 | 57.00 | NOTE | |
| r-patched-linux-x86_64 | 0.3.3 | 2.23 | 20.80 | 23.03 | NOTE | |
| r-release-linux-x86_64 | 0.3.3 | 1.92 | 20.70 | 22.62 | NOTE | |
| r-release-macos-arm64 | 0.3.3 | NOTE | ||||
| r-release-macos-x86_64 | 0.3.3 | 5.00 | 24.00 | 29.00 | NOTE | |
| r-release-windows-x86_64 | 0.3.3 | 10.00 | 42.00 | 52.00 | NOTE | |
| r-oldrel-macos-arm64 | 0.3.3 | NOTE | ||||
| r-oldrel-macos-x86_64 | 0.3.3 | 3.00 | 21.00 | 24.00 | NOTE | |
| r-oldrel-windows-x86_64 | 0.3.3 | 12.00 | 48.00 | 60.00 | NOTE |
Version: 0.3.3
Check: Rd files
Result: NOTE
checkRd: (-1) user_log_dir.Rd:48: Lost braces
48 | \\env{$XDG_CACHE_HOME} if defined
| ^
Flavors: r-devel-linux-x86_64-debian-clang, r-devel-linux-x86_64-debian-gcc, r-devel-linux-x86_64-fedora-clang, r-devel-linux-x86_64-fedora-gcc, r-devel-windows-x86_64, r-patched-linux-x86_64, r-release-linux-x86_64, r-release-macos-arm64, r-release-macos-x86_64, r-release-windows-x86_64, r-oldrel-macos-arm64, r-oldrel-macos-x86_64, r-oldrel-windows-x86_64