Last updated on 2025-11-20 11:51:21 CET.
| Flavor | Version | Tinstall | Tcheck | Ttotal | Status | Flags |
|---|---|---|---|---|---|---|
| r-devel-linux-x86_64-debian-clang | 1.10-1 | 12.02 | 111.95 | 123.97 | NOTE | |
| r-devel-linux-x86_64-debian-gcc | 1.10-1 | 9.63 | 79.99 | 89.62 | NOTE | |
| r-devel-linux-x86_64-fedora-clang | 1.10-1 | 28.00 | 171.07 | 199.07 | OK | |
| r-devel-linux-x86_64-fedora-gcc | 1.10-1 | 27.00 | 156.21 | 183.21 | OK | |
| r-devel-windows-x86_64 | 1.10-1 | 16.00 | 114.00 | 130.00 | OK | |
| r-patched-linux-x86_64 | 1.10-1 | 12.98 | 107.00 | 119.98 | OK | |
| r-release-linux-x86_64 | 1.10-1 | 12.77 | 105.56 | 118.33 | OK | |
| r-release-macos-arm64 | 1.10-1 | OK | ||||
| r-release-macos-x86_64 | 1.10-1 | 10.00 | 96.00 | 106.00 | OK | |
| r-release-windows-x86_64 | 1.10-1 | 13.00 | 116.00 | 129.00 | OK | |
| r-oldrel-macos-arm64 | 1.10-1 | OK | ||||
| r-oldrel-macos-x86_64 | 1.10-1 | 8.00 | 63.00 | 71.00 | OK | |
| r-oldrel-windows-x86_64 | 1.10-1 | 22.00 | 142.00 | 164.00 | OK |
Version: 1.10-1
Check: CRAN incoming feasibility
Result: NOTE
Maintainer: ‘Peter Langfelder <peter.langfelder@gmail.com>’
No Authors@R field in DESCRIPTION.
Please add one, modifying
Authors@R: c(person(given = "Lin",
family = "Song",
role = "aut"),
person(given = "Peter",
family = "Langfelder",
role = c("aut", "cre"),
email = "peter.langfelder@gmail.com"))
as necessary.
Flavors: r-devel-linux-x86_64-debian-clang, r-devel-linux-x86_64-debian-gcc