Last updated on 2025-10-31 09:50:27 CET.
| Flavor | Version | Tinstall | Tcheck | Ttotal | Status | Flags | 
|---|---|---|---|---|---|---|
| r-devel-linux-x86_64-debian-clang | 0.2.6 | 1.68 | 31.08 | 32.76 | NOTE | |
| r-devel-linux-x86_64-debian-gcc | 0.2.6 | 1.44 | 26.17 | 27.61 | NOTE | |
| r-devel-linux-x86_64-fedora-clang | 0.2.6 | 48.14 | OK | |||
| r-devel-linux-x86_64-fedora-gcc | 0.2.6 | 58.41 | OK | |||
| r-devel-windows-x86_64 | 0.2.6 | 3.00 | 74.00 | 77.00 | OK | |
| r-patched-linux-x86_64 | 0.2.6 | 1.66 | 29.76 | 31.42 | OK | |
| r-release-linux-x86_64 | 0.2.6 | 1.52 | 29.63 | 31.15 | OK | |
| r-release-macos-arm64 | 0.2.6 | 1.00 | 30.00 | 31.00 | OK | |
| r-release-macos-x86_64 | 0.2.6 | 2.00 | 48.00 | 50.00 | OK | |
| r-release-windows-x86_64 | 0.2.6 | 3.00 | 78.00 | 81.00 | OK | |
| r-oldrel-macos-arm64 | 0.2.6 | 1.00 | 28.00 | 29.00 | OK | |
| r-oldrel-macos-x86_64 | 0.2.6 | 1.00 | 40.00 | 41.00 | OK | |
| r-oldrel-windows-x86_64 | 0.2.6 | 3.00 | 85.00 | 88.00 | OK | 
Version: 0.2.6
Check: CRAN incoming feasibility
Result: NOTE
  Maintainer: ‘Dirk Eddelbuettel <edd@debian.org>’
  
  No Authors@R field in DESCRIPTION.
  Please add one, modifying
    Authors@R: person(given = "Dirk",
                      family = "Eddelbuettel",
                      role = c("aut", "cre"),
                      email = "edd@debian.org")
  as necessary.
Flavors: r-devel-linux-x86_64-debian-clang, r-devel-linux-x86_64-debian-gcc