Last updated on 2025-10-31 09:50:29 CET.
| Flavor | Version | Tinstall | Tcheck | Ttotal | Status | Flags | 
|---|---|---|---|---|---|---|
| r-devel-linux-x86_64-debian-clang | 1.5.0 | 45.27 | 65.05 | 110.32 | OK | |
| r-devel-linux-x86_64-debian-gcc | 1.5.0 | 29.87 | 47.99 | 77.86 | OK | |
| r-devel-linux-x86_64-fedora-clang | 1.5.0 | 105.00 | 81.11 | 186.11 | OK | |
| r-devel-linux-x86_64-fedora-gcc | 1.5.0 | 79.00 | 140.29 | 219.29 | OK | |
| r-devel-windows-x86_64 | 1.5.0 | 69.00 | 92.00 | 161.00 | OK | |
| r-patched-linux-x86_64 | 1.5.0 | 44.64 | 60.69 | 105.33 | OK | |
| r-release-linux-x86_64 | 1.5.0 | 42.13 | 60.78 | 102.91 | OK | |
| r-release-macos-arm64 | 1.5.0 | 20.00 | 118.00 | 138.00 | OK | |
| r-release-macos-x86_64 | 1.5.0 | 20.00 | 110.00 | 130.00 | OK | |
| r-release-windows-x86_64 | 1.5.0 | 60.00 | 99.00 | 159.00 | OK | |
| r-oldrel-macos-arm64 | 1.5.0 | 17.00 | 54.00 | 71.00 | NOTE | |
| r-oldrel-macos-x86_64 | 1.5.0 | 20.00 | 103.00 | 123.00 | NOTE | |
| r-oldrel-windows-x86_64 | 1.5.0 | 68.00 | 118.00 | 186.00 | NOTE | 
Version: 1.5.0
Check: for GNU extensions in Makefiles
Result: NOTE
  GNU make is a SystemRequirements.
Flavors: r-oldrel-macos-arm64, r-oldrel-macos-x86_64, r-oldrel-windows-x86_64