Last updated on 2024-05-09 10:50:02 CEST.
Flavor | Version | Tinstall | Tcheck | Ttotal | Status | Flags |
---|---|---|---|---|---|---|
r-devel-linux-x86_64-debian-clang | 1.2-8 | 5.69 | 66.71 | 72.40 | OK | |
r-devel-linux-x86_64-debian-gcc | 1.2-8 | 5.18 | 47.89 | 53.07 | OK | |
r-devel-linux-x86_64-fedora-clang | 1.2-8 | 88.40 | NOTE | |||
r-devel-linux-x86_64-fedora-gcc | 1.2-8 | 105.87 | OK | |||
r-devel-windows-x86_64 | 1.2-8 | 16.00 | 73.00 | 89.00 | OK | |
r-patched-linux-x86_64 | 1.2-8 | 6.85 | 63.54 | 70.39 | OK | |
r-release-linux-x86_64 | 1.2-8 | 5.57 | 62.58 | 68.15 | OK | |
r-release-macos-arm64 | 1.2-8 | 31.00 | OK | |||
r-release-windows-x86_64 | 1.2-8 | 18.00 | 72.00 | 90.00 | OK | |
r-oldrel-macos-arm64 | 1.2-8 | 29.00 | OK | |||
r-oldrel-macos-x86_64 | 1.2-8 | 69.00 | OK | |||
r-oldrel-windows-x86_64 | 1.2-8 | 19.00 | 82.00 | 101.00 | OK |
Version: 1.2-8
Check: Rd cross-references
Result: NOTE
Undeclared package ‘Rglpk’ in Rd xrefs
Flavor: r-devel-linux-x86_64-fedora-clang