Last updated on 2025-10-30 09:49:59 CET.
| Flavor | Version | Tinstall | Tcheck | Ttotal | Status | Flags | 
|---|---|---|---|---|---|---|
| r-devel-linux-x86_64-debian-clang | 1.5.0 | 6.65 | 87.74 | 94.39 | ERROR | |
| r-devel-linux-x86_64-debian-gcc | 1.5.0 | 4.61 | 60.98 | 65.59 | ERROR | |
| r-devel-linux-x86_64-fedora-clang | 1.5.0 | 16.00 | 130.60 | 146.60 | ERROR | |
| r-devel-linux-x86_64-fedora-gcc | 1.5.0 | 28.00 | 131.17 | 159.17 | ERROR | |
| r-devel-windows-x86_64 | 1.5.0 | 9.00 | 92.00 | 101.00 | ERROR | |
| r-patched-linux-x86_64 | 1.5.0 | 6.22 | 79.77 | 85.99 | ERROR | |
| r-release-linux-x86_64 | 1.5.0 | 6.21 | 81.23 | 87.44 | ERROR | |
| r-release-macos-arm64 | 1.5.0 | 3.00 | 39.00 | 42.00 | NOTE | |
| r-release-macos-x86_64 | 1.5.0 | 4.00 | 80.00 | 84.00 | NOTE | |
| r-release-windows-x86_64 | 1.5.0 | 8.00 | 92.00 | 100.00 | ERROR | |
| r-oldrel-macos-arm64 | 1.5.0 | 3.00 | 40.00 | 43.00 | NOTE | |
| r-oldrel-macos-x86_64 | 1.5.0 | 4.00 | 64.00 | 68.00 | NOTE | |
| r-oldrel-windows-x86_64 | 1.5.0 | 11.00 | 112.00 | 123.00 | ERROR | 
Version: 1.5.0
Check: Rd files
Result: NOTE
  checkRd: (-1) display_table.Rd:37: Lost braces; missing escapes or markup?
      37 | \item{normtest}{A character indicating test of normality, the default method is \code{\link{shapiro.test}} when sample size no more than 5000, otherwise \code{\link[nortest]{lillie.test}} {Kolmogorov-Smirnov} is used, see package \strong{nortest} for more methods.Use 'shapiro.test', 'lillie.test', 'ad.test', etc to specify methods.}
         |                                                                                                                                                                                             ^
Flavors: r-devel-linux-x86_64-debian-clang, r-devel-linux-x86_64-debian-gcc, r-devel-linux-x86_64-fedora-clang, r-devel-linux-x86_64-fedora-gcc, r-devel-windows-x86_64, r-patched-linux-x86_64, r-release-linux-x86_64, r-release-macos-arm64, r-release-macos-x86_64, r-release-windows-x86_64, r-oldrel-macos-arm64, r-oldrel-macos-x86_64, r-oldrel-windows-x86_64
Version: 1.5.0
Check: re-building of vignette outputs
Result: ERROR
  Error(s) in re-building vignettes:
    ...
  --- re-building ‘quickReg.Rmd’ using rmarkdown
  
  Quitting from quickReg.Rmd:130-162 [plot]
  ~~~~~~~~~~~~~~~~~~~~~~~~~~~~~~~~~~~~~~~~~~~~~~~~~~~~~~~~~~~~~~~~~~~~~~~~~~~~~~~~~~~~~~~~~~~~~~~~~~~~~~~~~~~~~~~~~~~~~~~~~~~~~~~~~~~~~~~~~~~~~~~~~~~~~~
  <error/rlang_error>
  Error:
  ! <ggplot2::labels> object is invalid:
  - every label must be named.
  ---
  Backtrace:
      ▆
   1. └─ggplot2::labs(list(title = "Regression Model", x = "variables"))
   2.   └─ggplot2::class_labels(args)
   3.     └─S7::new_object(labels)
   4.       └─S7::validate(object, recursive = !parent_validated)
  ~~~~~~~~~~~~~~~~~~~~~~~~~~~~~~~~~~~~~~~~~~~~~~~~~~~~~~~~~~~~~~~~~~~~~~~~~~~~~~~~~~~~~~~~~~~~~~~~~~~~~~~~~~~~~~~~~~~~~~~~~~~~~~~~~~~~~~~~~~~~~~~~~~~~~~
  
  Error: processing vignette 'quickReg.Rmd' failed with diagnostics:
  <ggplot2::labels> object is invalid:
  - every label must be named.
  --- failed re-building ‘quickReg.Rmd’
  
  SUMMARY: processing the following file failed:
    ‘quickReg.Rmd’
  
  Error: Vignette re-building failed.
  Execution halted
Flavors: r-devel-linux-x86_64-debian-clang, r-devel-linux-x86_64-debian-gcc, r-patched-linux-x86_64, r-release-linux-x86_64
Version: 1.5.0
Check: dependencies in R code
Result: NOTE
  Namespace in Imports field not imported from: ‘psych’
    All declared Imports should be used.
Flavors: r-devel-linux-x86_64-fedora-clang, r-devel-linux-x86_64-fedora-gcc
Version: 1.5.0
Check: re-building of vignette outputs
Result: ERROR
  Error(s) in re-building vignettes:
  --- re-building ‘quickReg.Rmd’ using rmarkdown
  
  Quitting from quickReg.Rmd:130-162 [plot]
  ~~~~~~~~~~~~~~~~~~~~~~~~~~~~~~~~~~~~~~~~~~~~~~~~~~~~~~~~~~~~~~~~~~~~~~~~~~~~~~~~~~~~~~~~~~~~~~~~~~~~~~~~~~~~~~~~~~~~~~~~~~~~~~~~~~~~~~~~~~~~~~~~~~~~~~
  <error/rlang_error>
  Error:
  ! <ggplot2::labels> object is invalid:
  - every label must be named.
  ---
  Backtrace:
      ▆
   1. └─ggplot2::labs(list(title = "Regression Model", x = "variables"))
   2.   └─ggplot2::class_labels(args)
   3.     └─S7::new_object(labels)
   4.       └─S7::validate(object, recursive = !parent_validated)
  ~~~~~~~~~~~~~~~~~~~~~~~~~~~~~~~~~~~~~~~~~~~~~~~~~~~~~~~~~~~~~~~~~~~~~~~~~~~~~~~~~~~~~~~~~~~~~~~~~~~~~~~~~~~~~~~~~~~~~~~~~~~~~~~~~~~~~~~~~~~~~~~~~~~~~~
  
  Error: processing vignette 'quickReg.Rmd' failed with diagnostics:
  <ggplot2::labels> object is invalid:
  - every label must be named.
  --- failed re-building ‘quickReg.Rmd’
  
  SUMMARY: processing the following file failed:
    ‘quickReg.Rmd’
  
  Error: Vignette re-building failed.
  Execution halted
Flavors: r-devel-linux-x86_64-fedora-clang, r-devel-linux-x86_64-fedora-gcc, r-devel-windows-x86_64, r-release-windows-x86_64, r-oldrel-windows-x86_64