Last updated on 2025-10-31 09:50:27 CET.
| Flavor | Version | Tinstall | Tcheck | Ttotal | Status | Flags | 
|---|---|---|---|---|---|---|
| r-devel-linux-x86_64-debian-clang | 1.0.1 | 2.07 | 39.31 | 41.38 | NOTE | |
| r-devel-linux-x86_64-debian-gcc | 1.0.1 | 1.67 | 28.70 | 30.37 | NOTE | |
| r-devel-linux-x86_64-fedora-clang | 1.0.1 | 61.31 | NOTE | |||
| r-devel-linux-x86_64-fedora-gcc | 1.0.1 | 58.59 | NOTE | |||
| r-devel-windows-x86_64 | 1.0.1 | 4.00 | 54.00 | 58.00 | NOTE | |
| r-patched-linux-x86_64 | 1.0.1 | 2.30 | 36.34 | 38.64 | NOTE | |
| r-release-linux-x86_64 | 1.0.1 | 1.79 | 36.03 | 37.82 | NOTE | |
| r-release-macos-arm64 | 1.0.1 | 1.00 | 21.00 | 22.00 | NOTE | |
| r-release-macos-x86_64 | 1.0.1 | 2.00 | 34.00 | 36.00 | NOTE | |
| r-release-windows-x86_64 | 1.0.1 | 4.00 | 55.00 | 59.00 | NOTE | |
| r-oldrel-macos-arm64 | 1.0.1 | 1.00 | 24.00 | 25.00 | OK | |
| r-oldrel-macos-x86_64 | 1.0.1 | 2.00 | 36.00 | 38.00 | OK | |
| r-oldrel-windows-x86_64 | 1.0.1 | 4.00 | 67.00 | 71.00 | OK | 
Version: 1.0.1
Check: DESCRIPTION meta-information
Result: NOTE
    Missing dependency on R >= 4.1.0 because package code uses the pipe
    |> or function shorthand \(...) syntax added in R 4.1.0.
    File(s) using such syntax:
      ‘quax.Rd’
Flavors: r-devel-linux-x86_64-debian-clang, r-devel-linux-x86_64-debian-gcc, r-devel-linux-x86_64-fedora-clang, r-devel-linux-x86_64-fedora-gcc, r-devel-windows-x86_64, r-patched-linux-x86_64, r-release-linux-x86_64, r-release-macos-arm64, r-release-macos-x86_64, r-release-windows-x86_64