Last updated on 2025-11-21 09:49:13 CET.
| Flavor | Version | Tinstall | Tcheck | Ttotal | Status | Flags |
|---|---|---|---|---|---|---|
| r-devel-linux-x86_64-debian-clang | 1.0.1 | 2.01 | 39.72 | 41.73 | NOTE | |
| r-devel-linux-x86_64-debian-gcc | 1.0.1 | 1.17 | 29.33 | 30.50 | NOTE | |
| r-devel-linux-x86_64-fedora-clang | 1.0.1 | 62.43 | NOTE | |||
| r-devel-linux-x86_64-fedora-gcc | 1.0.1 | 60.15 | NOTE | |||
| r-devel-windows-x86_64 | 1.0.1 | 7.00 | 53.00 | 60.00 | NOTE | |
| r-patched-linux-x86_64 | 1.0.1 | 2.11 | 36.46 | 38.57 | NOTE | |
| r-release-linux-x86_64 | 1.0.1 | 1.93 | 36.25 | 38.18 | NOTE | |
| r-release-macos-arm64 | 1.0.1 | NOTE | ||||
| r-release-macos-x86_64 | 1.0.1 | 2.00 | 34.00 | 36.00 | NOTE | |
| r-release-windows-x86_64 | 1.0.1 | 4.00 | 54.00 | 58.00 | NOTE | |
| r-oldrel-macos-arm64 | 1.0.1 | OK | ||||
| r-oldrel-macos-x86_64 | 1.0.1 | 2.00 | 36.00 | 38.00 | OK | |
| r-oldrel-windows-x86_64 | 1.0.1 | 4.00 | 65.00 | 69.00 | OK |
Version: 1.0.1
Check: DESCRIPTION meta-information
Result: NOTE
Missing dependency on R >= 4.1.0 because package code uses the pipe
|> or function shorthand \(...) syntax added in R 4.1.0.
File(s) using such syntax:
‘quax.Rd’
Flavors: r-devel-linux-x86_64-debian-clang, r-devel-linux-x86_64-debian-gcc, r-devel-linux-x86_64-fedora-clang, r-devel-linux-x86_64-fedora-gcc, r-devel-windows-x86_64, r-patched-linux-x86_64, r-release-linux-x86_64, r-release-macos-arm64, r-release-macos-x86_64, r-release-windows-x86_64