Last updated on 2025-11-03 09:49:40 CET.
| Flavor | Version | Tinstall | Tcheck | Ttotal | Status | Flags | 
|---|---|---|---|---|---|---|
| r-devel-linux-x86_64-debian-clang | 1.5.4 | 20.75 | 147.63 | 168.38 | NOTE | |
| r-devel-linux-x86_64-debian-gcc | 1.5.4 | 14.68 | 104.81 | 119.49 | NOTE | |
| r-devel-linux-x86_64-fedora-clang | 1.5.4 | 46.00 | 219.28 | 265.28 | OK | |
| r-devel-linux-x86_64-fedora-gcc | 1.5.4 | 63.00 | 225.76 | 288.76 | OK | |
| r-devel-windows-x86_64 | 1.5.4 | 21.00 | 151.00 | 172.00 | OK | |
| r-patched-linux-x86_64 | 1.5.4 | 19.51 | 140.91 | 160.42 | OK | |
| r-release-linux-x86_64 | 1.5.4 | 20.34 | 143.59 | 163.93 | OK | |
| r-release-macos-arm64 | 1.5.4 | 9.00 | 65.00 | 74.00 | OK | |
| r-release-macos-x86_64 | 1.5.4 | 17.00 | 142.00 | 159.00 | OK | |
| r-release-windows-x86_64 | 1.5.4 | 20.00 | 148.00 | 168.00 | OK | |
| r-oldrel-macos-arm64 | 1.5.4 | 9.00 | 65.00 | 74.00 | OK | |
| r-oldrel-macos-x86_64 | 1.5.4 | 14.00 | 95.00 | 109.00 | OK | |
| r-oldrel-windows-x86_64 | 1.5.4 | 28.00 | 191.00 | 219.00 | OK | 
Version: 1.5.4
Check: CRAN incoming feasibility
Result: NOTE
  Maintainer: ‘Brian S. Yandell <brian.yandell@wisc.edu>’
  
  No Authors@R field in DESCRIPTION.
  Please add one, modifying
    Authors@R: c(person(given = c("Elias", "Chaibub"),
                        family = "Neto",
                        role = "aut",
                        email = "echaibub@hotmail.com"),
                 person(given = c("Brian", "S."),
                        family = "yandell",
                        role = c("aut", "cre"),
                        email = "brian.yandell@wisc.edu"))
  as necessary.
  
  Found the following URLs which should use \doi (with the DOI name only):
    File ‘Pscdbp.Rd’:
      http://dx.doi.org/10.1371/journal.pgen.0020130
      http://dx.doi.org/10.1214/09-AOAS288
    File ‘bic.Rd’:
      http://dx.doi.org/10.1214/09-AOAS288
    File ‘mcmc.Rd’:
      http://dx.doi.org/10.1214/09-AOAS288
      http://dx.doi.org/10.1007/s10994-008-5057-7
    File ‘parents.Rd’:
      http://dx.doi.org/10.1214/09-AOAS288
Flavors: r-devel-linux-x86_64-debian-clang, r-devel-linux-x86_64-debian-gcc