Last updated on 2025-10-30 09:49:58 CET.
| Flavor | Version | Tinstall | Tcheck | Ttotal | Status | Flags | 
|---|---|---|---|---|---|---|
| r-devel-linux-x86_64-debian-clang | 0.1.2 | 5.59 | 44.81 | 50.40 | NOTE | |
| r-devel-linux-x86_64-debian-gcc | 0.1.2 | 4.14 | 31.73 | 35.87 | NOTE | |
| r-devel-linux-x86_64-fedora-clang | 0.1.2 | 12.00 | 61.71 | 73.71 | OK | |
| r-devel-linux-x86_64-fedora-gcc | 0.1.2 | 13.00 | 56.76 | 69.76 | OK | |
| r-devel-windows-x86_64 | 0.1.2 | 6.00 | 55.00 | 61.00 | OK | |
| r-patched-linux-x86_64 | 0.1.2 | 5.08 | 40.33 | 45.41 | OK | |
| r-release-linux-x86_64 | 0.1.2 | 4.68 | 39.67 | 44.35 | OK | |
| r-release-macos-arm64 | 0.1.2 | 3.00 | 21.00 | 24.00 | OK | |
| r-release-macos-x86_64 | 0.1.2 | 5.00 | 39.00 | 44.00 | OK | |
| r-release-windows-x86_64 | 0.1.2 | 8.00 | 61.00 | 69.00 | OK | |
| r-oldrel-macos-arm64 | 0.1.2 | 3.00 | 22.00 | 25.00 | NOTE | |
| r-oldrel-macos-x86_64 | 0.1.2 | 4.00 | 32.00 | 36.00 | NOTE | |
| r-oldrel-windows-x86_64 | 0.1.2 | 8.00 | 69.00 | 77.00 | NOTE | 
Version: 0.1.2
Check: CRAN incoming feasibility
Result: NOTE
  Maintainer: ‘Magnus Thor Torfason <m@zulutime.net>’
  
  No Authors@R field in DESCRIPTION.
  Please add one, modifying
    Authors@R: person(given = c("Magnus", "Thor"),
                      family = "Torfason",
                      role = c("aut", "cre"),
                      email = "m@zulutime.net")
  as necessary.
Flavors: r-devel-linux-x86_64-debian-clang, r-devel-linux-x86_64-debian-gcc
Version: 0.1.2
Check: LazyData
Result: NOTE
    'LazyData' is specified without a 'data' directory
Flavors: r-oldrel-macos-arm64, r-oldrel-macos-x86_64, r-oldrel-windows-x86_64