Last updated on 2024-05-09 10:50:00 CEST.
Flavor | Version | Tinstall | Tcheck | Ttotal | Status | Flags |
---|---|---|---|---|---|---|
r-devel-linux-x86_64-debian-clang | 0.2.1 | 1.97 | 33.25 | 35.22 | NOTE | |
r-devel-linux-x86_64-debian-gcc | 0.2.1 | 1.55 | 24.32 | 25.87 | NOTE | |
r-devel-linux-x86_64-fedora-clang | 0.2.1 | 43.01 | NOTE | |||
r-devel-linux-x86_64-fedora-gcc | 0.2.1 | 52.58 | NOTE | |||
r-devel-windows-x86_64 | 0.2.1 | 2.00 | 45.00 | 47.00 | NOTE | |
r-patched-linux-x86_64 | 0.2.1 | 2.18 | 30.95 | 33.13 | NOTE | |
r-release-linux-x86_64 | 0.2.1 | 2.13 | 31.16 | 33.29 | NOTE | |
r-release-macos-arm64 | 0.2.1 | 20.00 | NOTE | |||
r-release-windows-x86_64 | 0.2.1 | 3.00 | 46.00 | 49.00 | NOTE | |
r-oldrel-macos-arm64 | 0.2.1 | 20.00 | NOTE | |||
r-oldrel-macos-x86_64 | 0.2.1 | 27.00 | NOTE | |||
r-oldrel-windows-x86_64 | 0.2.1 | 2.00 | 46.00 | 48.00 | NOTE |
Version: 0.2.1
Check: LazyData
Result: NOTE
'LazyData' is specified without a 'data' directory
Flavors: r-devel-linux-x86_64-debian-clang, r-devel-linux-x86_64-debian-gcc, r-devel-linux-x86_64-fedora-clang, r-devel-linux-x86_64-fedora-gcc, r-devel-windows-x86_64, r-patched-linux-x86_64, r-release-linux-x86_64, r-release-macos-arm64, r-release-windows-x86_64, r-oldrel-macos-arm64, r-oldrel-macos-x86_64, r-oldrel-windows-x86_64