Last updated on 2025-11-02 11:50:31 CET.
| Flavor | Version | Tinstall | Tcheck | Ttotal | Status | Flags |
|---|---|---|---|---|---|---|
| r-devel-linux-x86_64-debian-clang | 1.7 | 9.50 | 63.14 | 72.64 | NOTE | |
| r-devel-linux-x86_64-debian-gcc | 1.7 | 8.00 | 46.95 | 54.95 | NOTE | |
| r-devel-linux-x86_64-fedora-clang | 1.7 | 21.00 | 91.63 | 112.63 | OK | |
| r-devel-linux-x86_64-fedora-gcc | 1.7 | 30.00 | 80.13 | 110.13 | OK | |
| r-devel-windows-x86_64 | 1.7 | 14.00 | 80.00 | 94.00 | OK | |
| r-patched-linux-x86_64 | 1.7 | 9.68 | 60.05 | 69.73 | OK | |
| r-release-linux-x86_64 | 1.7 | 11.14 | 62.01 | 73.15 | OK | |
| r-release-macos-arm64 | 1.7 | 6.00 | 32.00 | 38.00 | OK | |
| r-release-macos-x86_64 | 1.7 | 11.00 | 52.00 | 63.00 | OK | |
| r-release-windows-x86_64 | 1.7 | 16.00 | 80.00 | 96.00 | OK | |
| r-oldrel-macos-arm64 | 1.7 | 6.00 | 36.00 | 42.00 | OK | |
| r-oldrel-macos-x86_64 | 1.7 | 8.00 | 41.00 | 49.00 | OK | |
| r-oldrel-windows-x86_64 | 1.7 | 19.00 | 99.00 | 118.00 | OK |
Version: 1.7
Check: CRAN incoming feasibility
Result: NOTE
Maintainer: ‘Kyu Ha Lee <klee@hsph.harvard.edu>’
No Authors@R field in DESCRIPTION.
Please add one, modifying
Authors@R: c(person(given = c("Kyu", "Ha"),
family = "Lee",
role = c("aut", "cre"),
email = "klee@hsph.harvard.edu"),
person(given = "Sounak",
family = "Chakraborty",
role = "aut"),
person(given = "Harrison",
family = "Reeder",
role = "aut"),
person(given = c("", "Jianguo"),
family = "Sun",
role = "aut",
comment = "Tony"))
as necessary.
Flavors: r-devel-linux-x86_64-debian-clang, r-devel-linux-x86_64-debian-gcc