Last updated on 2025-10-30 09:49:58 CET.
| Flavor | Version | Tinstall | Tcheck | Ttotal | Status | Flags | 
|---|---|---|---|---|---|---|
| r-devel-linux-x86_64-debian-clang | 0.3-5 | 6.61 | 65.32 | 71.93 | NOTE | |
| r-devel-linux-x86_64-debian-gcc | 0.3-5 | 4.93 | 46.94 | 51.87 | NOTE | |
| r-devel-linux-x86_64-fedora-clang | 0.3-5 | 14.00 | 94.17 | 108.17 | NOTE | |
| r-devel-linux-x86_64-fedora-gcc | 0.3-5 | 32.00 | 80.42 | 112.42 | NOTE | |
| r-devel-windows-x86_64 | 0.3-5 | 9.00 | 75.00 | 84.00 | NOTE | |
| r-patched-linux-x86_64 | 0.3-5 | 7.23 | 59.30 | 66.53 | NOTE | |
| r-release-linux-x86_64 | 0.3-5 | 6.69 | 59.45 | 66.14 | NOTE | |
| r-release-macos-arm64 | 0.3-5 | 3.00 | 26.00 | 29.00 | NOTE | |
| r-release-macos-x86_64 | 0.3-5 | 6.00 | 43.00 | 49.00 | NOTE | |
| r-release-windows-x86_64 | 0.3-5 | 9.00 | 76.00 | 85.00 | NOTE | |
| r-oldrel-macos-arm64 | 0.3-5 | 3.00 | 24.00 | 27.00 | NOTE | |
| r-oldrel-macos-x86_64 | 0.3-5 | 5.00 | 47.00 | 52.00 | NOTE | |
| r-oldrel-windows-x86_64 | 0.3-5 | 12.00 | 92.00 | 104.00 | NOTE | 
Version: 0.3-5
Check: CRAN incoming feasibility
Result: NOTE
  Maintainer: ‘Christopher David Desjardins <cddesjardins@gmail.com>’
  
  No Authors@R field in DESCRIPTION.
  Please add one, modifying
    Authors@R: c(person(given = "Okan",
                        family = "Bulut",
                        role = "aut",
                        email = "okanbulut84@gmail.com"),
                 person(given = c("Christopher", "David"),
                        family = "Desjardins",
                        role = c("aut", "cre"),
                        email = "cddesjardins@gmail.com"))
  as necessary.
Flavors: r-devel-linux-x86_64-debian-clang, r-devel-linux-x86_64-debian-gcc
Version: 0.3-5
Check: Rd files
Result: NOTE
  checkRd: (-1) PS.Rd:9: Lost braces
       9 |                 \item{CD}{}{Character disorder scale score}
         |                            ^
Flavors: r-devel-linux-x86_64-debian-clang, r-devel-linux-x86_64-debian-gcc, r-devel-linux-x86_64-fedora-clang, r-devel-linux-x86_64-fedora-gcc, r-devel-windows-x86_64, r-patched-linux-x86_64, r-release-linux-x86_64, r-release-macos-arm64, r-release-macos-x86_64, r-release-windows-x86_64, r-oldrel-macos-arm64, r-oldrel-macos-x86_64, r-oldrel-windows-x86_64