Last updated on 2024-05-09 10:50:00 CEST.
Flavor | Version | Tinstall | Tcheck | Ttotal | Status | Flags |
---|---|---|---|---|---|---|
r-devel-linux-x86_64-debian-clang | 0.0.1 | 7.38 | 45.99 | 53.37 | OK | |
r-devel-linux-x86_64-debian-gcc | 0.0.1 | 9.35 | 35.71 | 45.06 | OK | |
r-devel-linux-x86_64-fedora-clang | 0.0.1 | 68.55 | OK | |||
r-devel-linux-x86_64-fedora-gcc | 0.0.1 | 85.35 | OK | |||
r-devel-windows-x86_64 | 0.0.1 | 11.00 | 62.00 | 73.00 | OK | |
r-patched-linux-x86_64 | 0.0.1 | 8.97 | 44.53 | 53.50 | OK | |
r-release-linux-x86_64 | 0.0.1 | 8.15 | 45.06 | 53.21 | OK | |
r-release-macos-arm64 | 0.0.1 | 29.00 | OK | |||
r-release-windows-x86_64 | 0.0.1 | 9.00 | 61.00 | 70.00 | OK | |
r-oldrel-macos-arm64 | 0.0.1 | 31.00 | OK | |||
r-oldrel-macos-x86_64 | 0.0.1 | 47.00 | NOTE | |||
r-oldrel-windows-x86_64 | 0.0.1 | 13.00 | 64.00 | 77.00 | OK |
Version: 0.0.1
Check: installed package size
Result: NOTE
installed size is 5.0Mb
sub-directories of 1Mb or more:
data 4.9Mb
Flavor: r-oldrel-macos-x86_64