CRAN Package Check Results for Package pps

Last updated on 2025-11-22 09:50:02 CET.

Flavor Version Tinstall Tcheck Ttotal Status Flags
r-devel-linux-x86_64-debian-clang 1.0 1.70 21.52 23.22 NOTE
r-devel-linux-x86_64-debian-gcc 1.0 1.32 17.72 19.04 NOTE
r-devel-linux-x86_64-fedora-clang 1.0 34.64 OK
r-devel-linux-x86_64-fedora-gcc 1.0 33.02 OK
r-devel-windows-x86_64 1.0 3.00 37.00 40.00 OK
r-patched-linux-x86_64 1.0 1.79 20.57 22.36 OK
r-release-linux-x86_64 1.0 1.58 20.53 22.11 OK
r-release-macos-arm64 1.0 OK
r-release-macos-x86_64 1.0 2.00 33.00 35.00 OK
r-release-windows-x86_64 1.0 3.00 38.00 41.00 OK
r-oldrel-macos-arm64 1.0 OK
r-oldrel-macos-x86_64 1.0 2.00 28.00 30.00 OK
r-oldrel-windows-x86_64 1.0 3.00 39.00 42.00 OK

Check Details

Version: 1.0
Check: CRAN incoming feasibility
Result: NOTE Maintainer: ‘Jack G. Gambino <jack.gambino@gmail.com>’ No Authors@R field in DESCRIPTION. Please add one, modifying Authors@R: person(given = c("Jack", "G."), family = "Gambino", role = c("aut", "cre"), email = "jack.gambino@gmail.com") as necessary. Flavors: r-devel-linux-x86_64-debian-clang, r-devel-linux-x86_64-debian-gcc