Last updated on 2025-11-22 09:50:02 CET.
| Flavor | Version | Tinstall | Tcheck | Ttotal | Status | Flags |
|---|---|---|---|---|---|---|
| r-devel-linux-x86_64-debian-clang | 1.3.0 | 11.84 | 78.70 | 90.54 | NOTE | |
| r-devel-linux-x86_64-debian-gcc | 1.3.0 | 7.19 | 56.03 | 63.22 | NOTE | |
| r-devel-linux-x86_64-fedora-clang | 1.3.0 | 26.00 | 113.10 | 139.10 | OK | |
| r-devel-linux-x86_64-fedora-gcc | 1.3.0 | 23.00 | 104.87 | 127.87 | OK | |
| r-devel-windows-x86_64 | 1.3.0 | 13.00 | 82.00 | 95.00 | OK | |
| r-patched-linux-x86_64 | 1.3.0 | 11.60 | 74.45 | 86.05 | OK | |
| r-release-linux-x86_64 | 1.3.0 | 10.70 | 73.91 | 84.61 | OK | |
| r-release-macos-arm64 | 1.3.0 | OK | ||||
| r-release-macos-x86_64 | 1.3.0 | 8.00 | 49.00 | 57.00 | OK | |
| r-release-windows-x86_64 | 1.3.0 | 11.00 | 82.00 | 93.00 | OK | |
| r-oldrel-macos-arm64 | 1.3.0 | OK | ||||
| r-oldrel-macos-x86_64 | 1.3.0 | 6.00 | 44.00 | 50.00 | OK | |
| r-oldrel-windows-x86_64 | 1.3.0 | 18.00 | 101.00 | 119.00 | OK |
Version: 1.3.0
Check: CRAN incoming feasibility
Result: NOTE
Maintainer: ‘Michaela Dvorzak <m.dvorzak@gmx.at>’
Package CITATION file contains call(s) to old-style personList() or
as.personList(). Please use c() on person objects instead.
Package CITATION file contains call(s) to old-style citEntry(). Please
use bibentry() instead.
Flavors: r-devel-linux-x86_64-debian-clang, r-devel-linux-x86_64-debian-gcc