Last updated on 2024-05-09 10:49:59 CEST.
Flavor | Version | Tinstall | Tcheck | Ttotal | Status | Flags |
---|---|---|---|---|---|---|
r-devel-linux-x86_64-debian-clang | 2.0.9 | 11.81 | 209.97 | 221.78 | OK | |
r-devel-linux-x86_64-debian-gcc | 2.0.9 | 9.94 | 153.66 | 163.60 | OK | |
r-devel-linux-x86_64-fedora-clang | 2.0.9 | 269.22 | NOTE | |||
r-devel-linux-x86_64-fedora-gcc | 2.0.9 | 278.23 | OK | |||
r-devel-windows-x86_64 | 2.0.9 | 14.00 | 148.00 | 162.00 | OK | |
r-patched-linux-x86_64 | 2.0.9 | 12.90 | 197.87 | 210.77 | OK | |
r-release-linux-x86_64 | 2.0.9 | 12.87 | 198.87 | 211.74 | OK | |
r-release-macos-arm64 | 2.0.9 | 96.00 | OK | |||
r-release-macos-x86_64 | 2.0.9 | 184.00 | OK | |||
r-release-windows-x86_64 | 2.0.9 | 13.00 | 144.00 | 157.00 | OK | |
r-oldrel-macos-arm64 | 2.0.9 | 103.00 | OK | |||
r-oldrel-macos-x86_64 | 2.0.9 | 143.00 | OK | |||
r-oldrel-windows-x86_64 | 2.0.9 | 14.00 | 162.00 | 176.00 | OK |
Version: 2.0.9
Check: Rd cross-references
Result: NOTE
Undeclared package ‘usethis’ in Rd xrefs
Flavor: r-devel-linux-x86_64-fedora-clang