CRAN Package Check Results for Package pgdraw

Last updated on 2025-11-25 11:51:58 CET.

Flavor Version Tinstall Tcheck Ttotal Status Flags
r-devel-linux-x86_64-debian-clang 1.1 9.90 26.12 36.02 NOTE
r-devel-linux-x86_64-debian-gcc 1.1 6.60 20.94 27.54 NOTE
r-devel-linux-x86_64-fedora-clang 1.1 19.00 40.80 59.80 OK
r-devel-linux-x86_64-fedora-gcc 1.1 18.00 35.43 53.43 OK
r-devel-windows-x86_64 1.1 17.00 68.00 85.00 OK
r-patched-linux-x86_64 1.1 9.54 25.02 34.56 OK
r-release-linux-x86_64 1.1 9.40 24.90 34.30 OK
r-release-macos-arm64 1.1 OK
r-release-macos-x86_64 1.1 9.00 28.00 37.00 OK
r-release-windows-x86_64 1.1 13.00 87.00 100.00 OK
r-oldrel-macos-arm64 1.1 OK
r-oldrel-macos-x86_64 1.1 7.00 29.00 36.00 OK
r-oldrel-windows-x86_64 1.1 13.00 81.00 94.00 OK

Check Details

Version: 1.1
Check: CRAN incoming feasibility
Result: NOTE Maintainer: ‘Daniel F. Schmidt <daniel.schmidt@monash.edu>’ Found the following \keyword or \concept entries which likely give several index terms: File ‘pgdraw-package.Rd’: \keyword{distribution,} Flavors: r-devel-linux-x86_64-debian-clang, r-devel-linux-x86_64-debian-gcc