CRAN Package Check Results for Package perturbR

Last updated on 2025-10-22 09:50:45 CEST.

Flavor Version Tinstall Tcheck Ttotal Status Flags
r-devel-linux-x86_64-debian-clang 0.1.3 5.28 59.29 64.57 NOTE
r-devel-linux-x86_64-debian-gcc 0.1.3 4.01 43.57 47.58 NOTE
r-devel-linux-x86_64-fedora-clang 0.1.3 12.00 85.68 97.68 OK
r-devel-linux-x86_64-fedora-gcc 0.1.3 12.00 97.59 109.59 OK
r-devel-windows-x86_64 0.1.3 8.00 76.00 84.00 OK
r-patched-linux-x86_64 0.1.3 5.87 55.69 61.56 OK
r-release-linux-x86_64 0.1.3 5.90 55.90 61.80 OK
r-release-macos-arm64 0.1.3 2.00 30.00 32.00 OK
r-release-macos-x86_64 0.1.3 4.00 57.00 61.00 OK
r-release-windows-x86_64 0.1.3 7.00 71.00 78.00 OK
r-oldrel-macos-arm64 0.1.3 3.00 27.00 30.00 OK
r-oldrel-macos-x86_64 0.1.3 4.00 45.00 49.00 OK
r-oldrel-windows-x86_64 0.1.3 10.00 87.00 97.00 OK

Check Details

Version: 0.1.3
Check: CRAN incoming feasibility
Result: NOTE Maintainer: ‘KM Gates <gateskm@email.unc.edu>’ No Authors@R field in DESCRIPTION. Please add one, modifying Authors@R: c(person(given = "KM", family = "Gates", role = c("aut", "cre"), email = "gateskm@email.unc.edu"), person(given = "Zachary", family = "Fisher", role = "aut"), person(given = "Cara", family = "Arizmendi", role = "aut")) as necessary. Flavors: r-devel-linux-x86_64-debian-clang, r-devel-linux-x86_64-debian-gcc