Last updated on 2025-10-31 09:50:25 CET.
| Flavor | Version | Tinstall | Tcheck | Ttotal | Status | Flags | 
|---|---|---|---|---|---|---|
| r-devel-linux-x86_64-debian-clang | 1.3.2 | 10.45 | 82.60 | 93.05 | NOTE | |
| r-devel-linux-x86_64-debian-gcc | 1.3.2 | 7.33 | 59.10 | 66.43 | NOTE | |
| r-devel-linux-x86_64-fedora-clang | 1.3.2 | 37.00 | 113.40 | 150.40 | OK | |
| r-devel-linux-x86_64-fedora-gcc | 1.3.2 | 29.00 | 105.64 | 134.64 | OK | |
| r-devel-windows-x86_64 | 1.3.2 | 11.00 | 87.00 | 98.00 | OK | |
| r-patched-linux-x86_64 | 1.3.2 | 10.47 | 76.91 | 87.38 | OK | |
| r-release-linux-x86_64 | 1.3.2 | 10.00 | 77.24 | 87.24 | OK | |
| r-release-macos-arm64 | 1.3.2 | 4.00 | 30.00 | 34.00 | OK | |
| r-release-macos-x86_64 | 1.3.2 | 8.00 | 60.00 | 68.00 | OK | |
| r-release-windows-x86_64 | 1.3.2 | 12.00 | 90.00 | 102.00 | OK | |
| r-oldrel-macos-arm64 | 1.3.2 | 4.00 | 30.00 | 34.00 | OK | |
| r-oldrel-macos-x86_64 | 1.3.2 | 7.00 | 47.00 | 54.00 | OK | |
| r-oldrel-windows-x86_64 | 1.3.2 | 15.00 | 107.00 | 122.00 | OK | 
Version: 1.3.2
Check: CRAN incoming feasibility
Result: NOTE
  Maintainer: ‘Alfonso Benitez-Paez <alfbenpa@gmail.com>’
  
  No Authors@R field in DESCRIPTION.
  Please add one, modifying
    Authors@R: person(given = "Alfonso",
                      family = "Benitez-Paez",
                      role = c("aut", "cre"),
                      email = "alfbenpa@gmail.com")
  as necessary.
Flavors: r-devel-linux-x86_64-debian-clang, r-devel-linux-x86_64-debian-gcc