Last updated on 2025-11-01 10:49:48 CET.
| Flavor | Version | Tinstall | Tcheck | Ttotal | Status | Flags |
|---|---|---|---|---|---|---|
| r-devel-linux-x86_64-debian-clang | 0.4.2 | 5.04 | 118.45 | 123.49 | OK | |
| r-devel-linux-x86_64-debian-gcc | 0.4.2 | 3.56 | 79.96 | 83.52 | OK | |
| r-devel-linux-x86_64-fedora-clang | 0.4.2 | 12.00 | 163.62 | 175.62 | OK | |
| r-devel-linux-x86_64-fedora-gcc | 0.4.2 | 11.00 | 173.24 | 184.24 | OK | |
| r-devel-windows-x86_64 | 0.4.2 | 6.00 | 119.00 | 125.00 | OK | |
| r-patched-linux-x86_64 | 0.4.2 | 5.41 | 108.12 | 113.53 | OK | |
| r-release-linux-x86_64 | 0.4.2 | 3.68 | 109.07 | 112.75 | OK | |
| r-release-macos-arm64 | 0.4.2 | 2.00 | 68.00 | 70.00 | OK | |
| r-release-macos-x86_64 | 0.4.2 | 4.00 | 114.00 | 118.00 | OK | |
| r-release-windows-x86_64 | 0.4.2 | 6.00 | 138.00 | 144.00 | OK | |
| r-oldrel-macos-arm64 | 0.4.2 | 2.00 | 52.00 | 54.00 | NOTE | |
| r-oldrel-macos-x86_64 | 0.4.2 | 6.00 | 148.00 | 154.00 | NOTE | |
| r-oldrel-windows-x86_64 | 0.4.2 | 8.00 | 153.00 | 161.00 | NOTE |
Version: 0.4.2
Check: LazyData
Result: NOTE
'LazyData' is specified without a 'data' directory
Flavors: r-oldrel-macos-arm64, r-oldrel-macos-x86_64, r-oldrel-windows-x86_64