Last updated on 2024-05-09 10:49:59 CEST.
Flavor | Version | Tinstall | Tcheck | Ttotal | Status | Flags |
---|---|---|---|---|---|---|
r-devel-linux-x86_64-debian-clang | 0.1.0 | 11.51 | 114.40 | 125.91 | OK | |
r-devel-linux-x86_64-debian-gcc | 0.1.0 | 8.38 | 83.46 | 91.84 | OK | |
r-devel-linux-x86_64-fedora-clang | 0.1.0 | 153.62 | NOTE | |||
r-devel-linux-x86_64-fedora-gcc | 0.1.0 | 212.82 | NOTE | |||
r-devel-windows-x86_64 | 0.1.0 | 11.00 | 94.00 | 105.00 | OK | |
r-patched-linux-x86_64 | 0.1.0 | 6.94 | 107.16 | 114.10 | OK | |
r-release-linux-x86_64 | 0.1.0 | 7.01 | 105.32 | 112.33 | OK | |
r-release-macos-arm64 | 0.1.0 | 48.00 | OK | |||
r-release-windows-x86_64 | 0.1.0 | 11.00 | 96.00 | 107.00 | OK | |
r-oldrel-macos-arm64 | 0.1.0 | 43.00 | OK | |||
r-oldrel-macos-x86_64 | 0.1.0 | 84.00 | OK | |||
r-oldrel-windows-x86_64 | 0.1.0 | 13.00 | 112.00 | 125.00 | OK |
Version: 0.1.0
Check: dependencies in R code
Result: NOTE
Namespace in Imports field not imported from: ‘flexsurv’
All declared Imports should be used.
Flavors: r-devel-linux-x86_64-fedora-clang, r-devel-linux-x86_64-fedora-gcc