Last updated on 2025-11-24 09:50:41 CET.
| Flavor | Version | Tinstall | Tcheck | Ttotal | Status | Flags |
|---|---|---|---|---|---|---|
| r-devel-linux-x86_64-debian-clang | 1.9 | 7.83 | 35.96 | 43.79 | NOTE | |
| r-devel-linux-x86_64-debian-gcc | 1.9 | 4.43 | 27.02 | 31.45 | NOTE | |
| r-devel-linux-x86_64-fedora-clang | 1.9 | 16.00 | 47.03 | 63.03 | OK | |
| r-devel-linux-x86_64-fedora-gcc | 1.9 | 14.00 | 61.15 | 75.15 | OK | |
| r-devel-windows-x86_64 | 1.9 | 14.00 | 63.00 | 77.00 | OK | |
| r-patched-linux-x86_64 | 1.9 | 4.82 | 33.30 | 38.12 | OK | |
| r-release-linux-x86_64 | 1.9 | 5.26 | 33.36 | 38.62 | OK | |
| r-release-macos-arm64 | 1.9 | OK | ||||
| r-release-macos-x86_64 | 1.9 | 14.00 | 76.00 | 90.00 | OK | |
| r-release-windows-x86_64 | 1.9 | 9.00 | 71.00 | 80.00 | OK | |
| r-oldrel-macos-arm64 | 1.9 | OK | ||||
| r-oldrel-macos-x86_64 | 1.9 | 7.00 | 37.00 | 44.00 | OK | |
| r-oldrel-windows-x86_64 | 1.9 | 13.00 | 72.00 | 85.00 | OK |
Version: 1.9
Check: CRAN incoming feasibility
Result: NOTE
Maintainer: ‘Jing hua Zhao <jinghuazhao@hotmail.com>’
No Authors@R field in DESCRIPTION.
Please add one, modifying
Authors@R: c(person(given = c("Original", "by", "Joseph", "L."),
family = "Schafer",
role = "aut"),
person(given = c("Jing", "hua"),
family = "Zhao",
role = "cre",
email = "jinghuazhao@hotmail.com"))
as necessary.
Flavors: r-devel-linux-x86_64-debian-clang, r-devel-linux-x86_64-debian-gcc