Last updated on 2024-05-09 10:49:59 CEST.
Flavor | Version | Tinstall | Tcheck | Ttotal | Status | Flags |
---|---|---|---|---|---|---|
r-devel-linux-x86_64-debian-clang | 1.0.0 | 13.36 | 92.52 | 105.88 | NOTE | |
r-devel-linux-x86_64-debian-gcc | 1.0.0 | 10.61 | 67.02 | 77.63 | NOTE | |
r-devel-linux-x86_64-fedora-clang | 1.0.0 | 126.33 | NOTE | |||
r-devel-linux-x86_64-fedora-gcc | 1.0.0 | 176.63 | NOTE | |||
r-devel-windows-x86_64 | 1.0.0 | 10.00 | 78.00 | 88.00 | OK | |
r-patched-linux-x86_64 | 1.0.0 | 17.62 | 85.53 | 103.15 | NOTE | |
r-release-linux-x86_64 | 1.0.0 | 13.13 | 86.83 | 99.96 | NOTE | |
r-release-macos-arm64 | 1.0.0 | 48.00 | OK | |||
r-release-windows-x86_64 | 1.0.0 | 10.00 | 75.00 | 85.00 | OK | |
r-oldrel-macos-arm64 | 1.0.0 | 44.00 | OK | |||
r-oldrel-macos-x86_64 | 1.0.0 | 67.00 | OK | |||
r-oldrel-windows-x86_64 | 1.0.0 | 14.00 | 88.00 | 102.00 | OK |
Version: 1.0.0
Check: for non-standard things in the check directory
Result: NOTE
Found the following files/directories:
‘Graph_layout_Doptrcd_trtE’
Flavors: r-devel-linux-x86_64-debian-clang, r-devel-linux-x86_64-debian-gcc, r-devel-linux-x86_64-fedora-clang, r-devel-linux-x86_64-fedora-gcc, r-patched-linux-x86_64, r-release-linux-x86_64