Last updated on 2025-10-31 09:50:24 CET.
| Flavor | Version | Tinstall | Tcheck | Ttotal | Status | Flags | 
|---|---|---|---|---|---|---|
| r-devel-linux-x86_64-debian-clang | 0.1.7 | 41.14 | 361.63 | 402.77 | OK | |
| r-devel-linux-x86_64-debian-gcc | 0.1.7 | 24.56 | 234.29 | 258.85 | OK | |
| r-devel-linux-x86_64-fedora-clang | 0.1.7 | 87.00 | 532.74 | 619.74 | OK | |
| r-devel-linux-x86_64-fedora-gcc | 0.1.7 | 90.00 | 511.33 | 601.33 | OK | |
| r-devel-windows-x86_64 | 0.1.7 | 37.00 | 296.00 | 333.00 | OK | |
| r-patched-linux-x86_64 | 0.1.7 | 41.91 | 340.69 | 382.60 | OK | |
| r-release-linux-x86_64 | 0.1.7 | 38.19 | 340.32 | 378.51 | OK | |
| r-release-macos-arm64 | 0.1.7 | 16.00 | 121.00 | 137.00 | OK | |
| r-release-macos-x86_64 | 0.1.7 | 52.00 | 408.00 | 460.00 | OK | |
| r-release-windows-x86_64 | 0.1.7 | 40.00 | 288.00 | 328.00 | OK | |
| r-oldrel-macos-arm64 | 0.1.7 | 17.00 | 125.00 | 142.00 | NOTE | |
| r-oldrel-macos-x86_64 | 0.1.7 | 58.00 | 425.00 | 483.00 | NOTE | |
| r-oldrel-windows-x86_64 | 0.1.7 | 53.00 | 397.00 | 450.00 | NOTE | 
Version: 0.1.7
Check: installed package size
Result: NOTE
    installed size is  6.2Mb
    sub-directories of 1Mb or more:
      R            1.6Mb
      test_files   4.2Mb
Flavors: r-oldrel-macos-arm64, r-oldrel-macos-x86_64, r-oldrel-windows-x86_64