Last updated on 2025-10-30 09:49:56 CET.
| Flavor | Version | Tinstall | Tcheck | Ttotal | Status | Flags | 
|---|---|---|---|---|---|---|
| r-devel-linux-x86_64-debian-clang | 1.0.11 | 7.62 | 81.55 | 89.17 | NOTE | |
| r-devel-linux-x86_64-debian-gcc | 1.0.11 | 6.87 | 58.22 | 65.09 | NOTE | |
| r-devel-linux-x86_64-fedora-clang | 1.0.11 | 22.00 | 121.05 | 143.05 | NOTE | |
| r-devel-linux-x86_64-fedora-gcc | 1.0.11 | 20.00 | 130.83 | 150.83 | NOTE | |
| r-devel-windows-x86_64 | 1.0.11 | 11.00 | 89.00 | 100.00 | NOTE | |
| r-patched-linux-x86_64 | 1.0.11 | 9.49 | 78.53 | 88.02 | NOTE | |
| r-release-linux-x86_64 | 1.0.11 | 9.72 | 78.31 | 88.03 | NOTE | |
| r-release-macos-arm64 | 1.0.11 | 4.00 | 39.00 | 43.00 | NOTE | |
| r-release-macos-x86_64 | 1.0.11 | 10.00 | 89.00 | 99.00 | NOTE | |
| r-release-windows-x86_64 | 1.0.11 | 12.00 | 89.00 | 101.00 | NOTE | |
| r-oldrel-macos-arm64 | 1.0.11 | 4.00 | 41.00 | 45.00 | NOTE | |
| r-oldrel-macos-x86_64 | 1.0.11 | 8.00 | 64.00 | 72.00 | NOTE | |
| r-oldrel-windows-x86_64 | 1.0.11 | 16.00 | 115.00 | 131.00 | NOTE | 
Version: 1.0.11
Check: CRAN incoming feasibility
Result: NOTE
  Maintainer: ‘Volker Schmid <volker.schmid@lmu.de>’
  
  Package CITATION file contains call(s) to old-style personList() or
  as.personList().  Please use c() on person objects instead.
  Package CITATION file contains call(s) to old-style citEntry().  Please
  use bibentry() instead.
Flavors: r-devel-linux-x86_64-debian-clang, r-devel-linux-x86_64-debian-gcc
Version: 1.0.11
Check: package subdirectories
Result: NOTE
  Problems with news in ‘NEWS.md’:
  No news entries found.
Flavors: r-devel-linux-x86_64-debian-clang, r-devel-linux-x86_64-debian-gcc, r-devel-linux-x86_64-fedora-clang, r-devel-linux-x86_64-fedora-gcc, r-devel-windows-x86_64, r-patched-linux-x86_64, r-release-linux-x86_64, r-release-macos-arm64, r-release-macos-x86_64, r-release-windows-x86_64, r-oldrel-macos-arm64, r-oldrel-macos-x86_64, r-oldrel-windows-x86_64