Last updated on 2024-05-09 10:49:58 CEST.
Flavor | Version | Tinstall | Tcheck | Ttotal | Status | Flags |
---|---|---|---|---|---|---|
r-devel-linux-x86_64-debian-clang | 0.7-13 | 19.18 | 110.03 | 129.21 | OK | |
r-devel-linux-x86_64-debian-gcc | 0.7-13 | 13.91 | 77.76 | 91.67 | OK | |
r-devel-linux-x86_64-fedora-clang | 0.7-13 | 161.79 | NOTE | |||
r-devel-linux-x86_64-fedora-gcc | 0.7-13 | 372.96 | OK | |||
r-devel-windows-x86_64 | 0.7-13 | 21.00 | 101.00 | 122.00 | OK | |
r-patched-linux-x86_64 | 0.7-13 | 19.66 | 98.25 | 117.91 | OK | |
r-release-linux-x86_64 | 0.7-13 | 16.11 | 101.54 | 117.65 | OK | |
r-release-macos-arm64 | 0.7-13 | 93.00 | OK | |||
r-release-macos-x86_64 | 0.7-13 | 260.00 | OK | |||
r-release-windows-x86_64 | 0.7-13 | 21.00 | 103.00 | 124.00 | OK | |
r-oldrel-macos-arm64 | 0.7-13 | 102.00 | OK | |||
r-oldrel-macos-x86_64 | 0.7-13 | 231.00 | OK | |||
r-oldrel-windows-x86_64 | 0.7-13 | 26.00 | 121.00 | 147.00 | OK |
Version: 0.7-13
Check: installed package size
Result: NOTE
installed size is 5.1Mb
sub-directories of 1Mb or more:
doc 1.2Mb
libs 3.2Mb
Flavor: r-devel-linux-x86_64-fedora-clang