Last updated on 2024-05-09 10:49:58 CEST.
Flavor | Version | Tinstall | Tcheck | Ttotal | Status | Flags |
---|---|---|---|---|---|---|
r-devel-linux-x86_64-debian-clang | 1.2.0 | 19.13 | 711.30 | 730.43 | NOTE | |
r-devel-linux-x86_64-debian-gcc | 1.2.0 | 13.05 | 557.01 | 570.06 | NOTE | |
r-devel-linux-x86_64-fedora-clang | 1.2.0 | 916.59 | NOTE | |||
r-devel-linux-x86_64-fedora-gcc | 1.2.0 | 977.49 | NOTE | |||
r-devel-windows-x86_64 | 1.2.0 | 13.00 | 835.00 | 848.00 | NOTE | |
r-patched-linux-x86_64 | 1.2.0 | 17.93 | 726.58 | 744.51 | NOTE | |
r-release-linux-x86_64 | 1.2.0 | 17.95 | 723.79 | 741.74 | NOTE | |
r-release-macos-arm64 | 1.2.0 | 404.00 | NOTE | |||
r-release-windows-x86_64 | 1.2.0 | 14.00 | 810.00 | 824.00 | NOTE | |
r-oldrel-macos-arm64 | 1.2.0 | 283.00 | OK | |||
r-oldrel-macos-x86_64 | 1.2.0 | 820.00 | OK | |||
r-oldrel-windows-x86_64 | 1.2.0 | 17.00 | 773.00 | 790.00 | OK |
Version: 1.2.0
Check: Rd files
Result: NOTE
checkRd: (-1) GabrielNMF.Rd:23: Lost braces; missing escapes or markup?
23 | The number of low-dimension (J < {N, M}).
| ^
checkRd: (-1) NMF.Rd:71: Lost braces; missing escapes or markup?
71 | The number of low-dimension (J < {N, M}). If a numerical vector is specified
| ^
checkRd: (-1) NMF.Rd:119: Lost braces; missing escapes or markup?
119 | U : A matrix which has N-rows and J-columns (J < {N, M}).
| ^
checkRd: (-1) NMF.Rd:120: Lost braces; missing escapes or markup?
120 | V : A matrix which has M-rows and J-columns (J < {N, M}).
| ^
checkRd: (-1) NMF.Rd:121: Lost braces; missing escapes or markup?
121 | J : The number of dimension (J < {N, M}).
| ^
Flavors: r-devel-linux-x86_64-debian-clang, r-devel-linux-x86_64-debian-gcc, r-devel-linux-x86_64-fedora-clang, r-devel-linux-x86_64-fedora-gcc, r-devel-windows-x86_64, r-patched-linux-x86_64, r-release-linux-x86_64, r-release-macos-arm64, r-release-windows-x86_64