Last updated on 2025-10-31 09:50:24 CET.
| Flavor | Version | Tinstall | Tcheck | Ttotal | Status | Flags | 
|---|---|---|---|---|---|---|
| r-devel-linux-x86_64-debian-clang | 1.0-1 | 7.82 | 72.46 | 80.28 | NOTE | |
| r-devel-linux-x86_64-debian-gcc | 1.0-1 | 4.89 | 49.73 | 54.62 | NOTE | |
| r-devel-linux-x86_64-fedora-clang | 1.0-1 | 20.00 | 105.51 | 125.51 | OK | |
| r-devel-linux-x86_64-fedora-gcc | 1.0-1 | 17.00 | 103.23 | 120.23 | OK | |
| r-devel-windows-x86_64 | 1.0-1 | 9.00 | 81.00 | 90.00 | OK | |
| r-patched-linux-x86_64 | 1.0-1 | 7.77 | 68.27 | 76.04 | OK | |
| r-release-linux-x86_64 | 1.0-1 | 7.69 | 67.37 | 75.06 | OK | |
| r-release-macos-arm64 | 1.0-1 | 3.00 | 31.00 | 34.00 | OK | |
| r-release-macos-x86_64 | 1.0-1 | 6.00 | 52.00 | 58.00 | OK | |
| r-release-windows-x86_64 | 1.0-1 | 10.00 | 83.00 | 93.00 | OK | |
| r-oldrel-macos-arm64 | 1.0-1 | 3.00 | 29.00 | 32.00 | OK | |
| r-oldrel-macos-x86_64 | 1.0-1 | 10.00 | 74.00 | 84.00 | OK | |
| r-oldrel-windows-x86_64 | 1.0-1 | 12.00 | 102.00 | 114.00 | OK | 
Version: 1.0-1
Check: CRAN incoming feasibility
Result: NOTE
  Maintainer: ‘Surya Tokdar <surya.tokdar@duke.edu>’
  
  No Authors@R field in DESCRIPTION.
  Please add one, modifying
    Authors@R: person(given = "Surya",
                      family = "Tokdar",
                      role = c("aut", "cre"),
                      email = "surya.tokdar@duke.edu")
  as necessary.
  
  The Description field contains
    may be found at <arXiv:1911.04387>.
  Please refer to arXiv e-prints via their arXiv DOI <doi:10.48550/arXiv.YYMM.NNNNN>.
Flavors: r-devel-linux-x86_64-debian-clang, r-devel-linux-x86_64-debian-gcc