Last updated on 2024-05-09 10:49:57 CEST.
Flavor | Version | Tinstall | Tcheck | Ttotal | Status | Flags |
---|---|---|---|---|---|---|
r-devel-linux-x86_64-debian-clang | 0.2.1 | 8.74 | 71.46 | 80.20 | NOTE | |
r-devel-linux-x86_64-debian-gcc | 0.2.1 | 4.98 | 49.74 | 54.72 | NOTE | |
r-devel-linux-x86_64-fedora-clang | 0.2.1 | 95.56 | NOTE | |||
r-devel-linux-x86_64-fedora-gcc | 0.2.1 | 141.81 | NOTE | |||
r-devel-windows-x86_64 | 0.2.1 | 7.00 | 69.00 | 76.00 | NOTE | |
r-patched-linux-x86_64 | 0.2.1 | 12.31 | 66.23 | 78.54 | NOTE | |
r-release-linux-x86_64 | 0.2.1 | 6.35 | 67.24 | 73.59 | NOTE | |
r-release-macos-arm64 | 0.2.1 | 27.00 | NOTE | |||
r-release-windows-x86_64 | 0.2.1 | 8.00 | 71.00 | 79.00 | NOTE | |
r-oldrel-macos-arm64 | 0.2.1 | 31.00 | NOTE | |||
r-oldrel-macos-x86_64 | 0.2.1 | 44.00 | NOTE | |||
r-oldrel-windows-x86_64 | 0.2.1 | 9.00 | 78.00 | 87.00 | NOTE |
Version: 0.2.1
Check: package dependencies
Result: NOTE
Package suggested but not available for checking: ‘spatialClust’
Flavors: r-devel-linux-x86_64-debian-clang, r-devel-linux-x86_64-debian-gcc, r-devel-linux-x86_64-fedora-clang, r-devel-linux-x86_64-fedora-gcc, r-devel-windows-x86_64, r-patched-linux-x86_64, r-release-linux-x86_64, r-release-macos-arm64, r-release-windows-x86_64, r-oldrel-macos-arm64, r-oldrel-macos-x86_64, r-oldrel-windows-x86_64
Version: 0.2.1
Check: dependencies in R code
Result: NOTE
Namespace in Imports field not imported from: ‘Rdpack’
All declared Imports should be used.
Flavors: r-devel-linux-x86_64-fedora-clang, r-devel-linux-x86_64-fedora-gcc