Last updated on 2024-05-09 10:49:57 CEST.
Flavor | Version | Tinstall | Tcheck | Ttotal | Status | Flags |
---|---|---|---|---|---|---|
r-devel-linux-x86_64-debian-clang | 0.3.5 | 5.33 | 55.49 | 60.82 | NOTE | |
r-devel-linux-x86_64-debian-gcc | 0.3.5 | 4.27 | 39.73 | 44.00 | NOTE | |
r-devel-linux-x86_64-fedora-clang | 0.3.5 | 77.35 | NOTE | |||
r-devel-linux-x86_64-fedora-gcc | 0.3.5 | 123.99 | NOTE | |||
r-devel-windows-x86_64 | 0.3.5 | 5.00 | 57.00 | 62.00 | NOTE | |
r-patched-linux-x86_64 | 0.3.5 | 6.25 | 50.50 | 56.75 | NOTE | |
r-release-linux-x86_64 | 0.3.5 | 4.90 | 50.49 | 55.39 | NOTE | |
r-release-macos-arm64 | 0.3.5 | 22.00 | NOTE | |||
r-release-windows-x86_64 | 0.3.5 | 6.00 | 59.00 | 65.00 | NOTE | |
r-oldrel-macos-arm64 | 0.3.5 | 23.00 | OK | |||
r-oldrel-macos-x86_64 | 0.3.5 | 37.00 | OK | |||
r-oldrel-windows-x86_64 | 0.3.5 | 5.00 | 62.00 | 67.00 | OK |
Version: 0.3.5
Check: Rd files
Result: NOTE
checkRd: (-1) metricUnfolding.Rd:69-70: Lost braces in \itemize; meant \describe ?
checkRd: (-1) metricUnfolding.Rd:71-72: Lost braces in \itemize; meant \describe ?
checkRd: (-1) metricUnfolding.Rd:73-74: Lost braces in \itemize; meant \describe ?
checkRd: (-1) metricUnfolding.Rd:75-79: Lost braces in \itemize; meant \describe ?
checkRd: (-1) metricUnfolding.Rd:80-86: Lost braces in \itemize; meant \describe ?
Flavors: r-devel-linux-x86_64-debian-clang, r-devel-linux-x86_64-debian-gcc, r-devel-linux-x86_64-fedora-clang, r-devel-linux-x86_64-fedora-gcc, r-devel-windows-x86_64, r-patched-linux-x86_64, r-release-linux-x86_64, r-release-macos-arm64, r-release-windows-x86_64