Last updated on 2025-10-31 09:50:23 CET.
| Flavor | Version | Tinstall | Tcheck | Ttotal | Status | Flags | 
|---|---|---|---|---|---|---|
| r-devel-linux-x86_64-debian-clang | 0.4.3 | 19.99 | 197.86 | 217.85 | NOTE | |
| r-devel-linux-x86_64-debian-gcc | 0.4.3 | 12.94 | 135.11 | 148.05 | NOTE | |
| r-devel-linux-x86_64-fedora-clang | 0.4.3 | 44.00 | 290.24 | 334.24 | OK | |
| r-devel-linux-x86_64-fedora-gcc | 0.4.3 | 42.00 | 296.99 | 338.99 | OK | |
| r-devel-windows-x86_64 | 0.4.3 | 20.00 | 175.00 | 195.00 | OK | |
| r-patched-linux-x86_64 | 0.4.3 | 16.33 | 188.29 | 204.62 | OK | |
| r-release-linux-x86_64 | 0.4.3 | 17.46 | 183.59 | 201.05 | OK | |
| r-release-macos-arm64 | 0.4.3 | 8.00 | 219.00 | 227.00 | OK | |
| r-release-macos-x86_64 | 0.4.3 | 14.00 | 433.00 | 447.00 | OK | |
| r-release-windows-x86_64 | 0.4.3 | 19.00 | 176.00 | 195.00 | OK | |
| r-oldrel-macos-arm64 | 0.4.3 | 7.00 | 142.00 | 149.00 | NOTE | |
| r-oldrel-macos-x86_64 | 0.4.3 | 11.00 | 116.00 | 127.00 | OK | |
| r-oldrel-windows-x86_64 | 0.4.3 | 27.00 | 238.00 | 265.00 | OK | 
Version: 0.4.3
Check: CRAN incoming feasibility
Result: NOTE
  Maintainer: ‘Nour-al-dain Marzouka <Nour-al-dain.Marzouka@med.lu.se>’
  
  No Authors@R field in DESCRIPTION.
  Please add one, modifying
    Authors@R: person(given = "Nour-al-dain",
                      family = "Marzouka",
                      role = c("aut", "cre"),
                      email = "nour-al-dain.marzouka@med.lu.se")
  as necessary.
Flavors: r-devel-linux-x86_64-debian-clang, r-devel-linux-x86_64-debian-gcc
Version: 0.4.3
Check: package dependencies
Result: NOTE
  Package suggested but not available for checking: ‘leukemiasEset’
Flavor: r-oldrel-macos-arm64