Last updated on 2024-05-09 10:49:57 CEST.
Flavor | Version | Tinstall | Tcheck | Ttotal | Status | Flags |
---|---|---|---|---|---|---|
r-devel-linux-x86_64-debian-clang | 2.0.0 | 1.99 | 20.98 | 22.97 | NOTE | |
r-devel-linux-x86_64-debian-gcc | 2.0.0 | 1.72 | 17.28 | 19.00 | NOTE | |
r-devel-linux-x86_64-fedora-clang | 2.0.0 | 30.87 | NOTE | |||
r-devel-linux-x86_64-fedora-gcc | 2.0.0 | 33.23 | NOTE | |||
r-devel-windows-x86_64 | 2.0.0 | 2.00 | 38.00 | 40.00 | NOTE | |
r-patched-linux-x86_64 | 2.0.0 | 2.15 | 21.84 | 23.99 | NOTE | |
r-release-linux-x86_64 | 2.0.0 | 1.78 | 21.54 | 23.32 | NOTE | |
r-release-macos-arm64 | 2.0.0 | 14.00 | NOTE | |||
r-release-windows-x86_64 | 2.0.0 | 2.00 | 36.00 | 38.00 | NOTE | |
r-oldrel-macos-arm64 | 2.0.0 | 14.00 | NOTE | |||
r-oldrel-macos-x86_64 | 2.0.0 | 18.00 | NOTE | |||
r-oldrel-windows-x86_64 | 2.0.0 | 3.00 | 37.00 | 40.00 | NOTE |
Version: 2.0.0
Check: LazyData
Result: NOTE
'LazyData' is specified without a 'data' directory
Flavors: r-devel-linux-x86_64-debian-clang, r-devel-linux-x86_64-debian-gcc, r-devel-linux-x86_64-fedora-clang, r-devel-linux-x86_64-fedora-gcc, r-devel-windows-x86_64, r-patched-linux-x86_64, r-release-linux-x86_64, r-release-macos-arm64, r-release-windows-x86_64, r-oldrel-macos-arm64, r-oldrel-macos-x86_64, r-oldrel-windows-x86_64