Last updated on 2025-10-31 09:50:23 CET.
| Flavor | Version | Tinstall | Tcheck | Ttotal | Status | Flags | 
|---|---|---|---|---|---|---|
| r-devel-linux-x86_64-debian-clang | 2.0 | 1.93 | 26.85 | 28.78 | NOTE | |
| r-devel-linux-x86_64-debian-gcc | 2.0 | 1.51 | 20.73 | 22.24 | NOTE | |
| r-devel-linux-x86_64-fedora-clang | 2.0 | 43.29 | OK | |||
| r-devel-linux-x86_64-fedora-gcc | 2.0 | 41.27 | OK | |||
| r-devel-windows-x86_64 | 2.0 | 3.00 | 51.00 | 54.00 | OK | |
| r-patched-linux-x86_64 | 2.0 | 2.01 | 25.50 | 27.51 | OK | |
| r-release-linux-x86_64 | 2.0 | 1.68 | 25.92 | 27.60 | OK | |
| r-release-macos-arm64 | 2.0 | 1.00 | 20.00 | 21.00 | OK | |
| r-release-macos-x86_64 | 2.0 | 2.00 | 36.00 | 38.00 | OK | |
| r-release-windows-x86_64 | 2.0 | 3.00 | 47.00 | 50.00 | OK | |
| r-oldrel-macos-arm64 | 2.0 | 1.00 | 16.00 | 17.00 | OK | |
| r-oldrel-macos-x86_64 | 2.0 | 3.00 | 28.00 | 31.00 | OK | |
| r-oldrel-windows-x86_64 | 2.0 | 3.00 | 44.00 | 47.00 | OK | 
Version: 2.0
Check: CRAN incoming feasibility
Result: NOTE
  Maintainer: ‘R. Salmeron <romansg@ugr.es>’
  
  No Authors@R field in DESCRIPTION.
  Please add one, modifying
    Authors@R: c(person(given = "R.",
                        family = "Salmeron",
                        role = c("aut", "cre"),
                        email = "romansg@ugr.es"),
                 person(given = "C.",
                        family = "Garcia",
                        role = "aut"),
                 person(given = "J.",
                        family = "Garcia",
                        role = "aut"))
  as necessary.
Flavors: r-devel-linux-x86_64-debian-clang, r-devel-linux-x86_64-debian-gcc